CRAN Package Check Results for Package blocksdesign

Last updated on 2024-07-19 03:57:16 CEST.

Flavor Version Tinstall Tcheck Ttotal Status Flags
r-devel-linux-x86_64-debian-clang 4.9 4.30 61.19 65.49 NOTE
r-devel-linux-x86_64-debian-gcc 4.9 3.99 45.64 49.63 NOTE
r-devel-linux-x86_64-fedora-clang 4.9 82.38 NOTE
r-devel-linux-x86_64-fedora-gcc 4.9 97.23 NOTE
r-devel-windows-x86_64 4.9 6.00 72.00 78.00 NOTE
r-patched-linux-x86_64 4.9 5.77 57.56 63.33 NOTE
r-release-linux-x86_64 4.9 5.42 57.14 62.56 NOTE
r-release-macos-arm64 4.9 35.00 NOTE
r-release-macos-x86_64 4.9 65.00 NOTE
r-release-windows-x86_64 4.9 6.00 71.00 77.00 NOTE
r-oldrel-macos-arm64 4.9 35.00 OK
r-oldrel-macos-x86_64 4.9 53.00 OK
r-oldrel-windows-x86_64 4.9 7.00 76.00 83.00 OK

Check Details

Version: 4.9
Check: Rd files
Result: NOTE checkRd: (-1) durban.Rd:16: Lost braces; missing escapes or markup? 16 | This data set was obtained from the durban.rowcol {agridat} example in package 'agridat' | ^ checkRd: (-1) fraction.Rd:30: Lost braces in \itemize; \value handles \item{}{} directly checkRd: (-1) fraction.Rd:31-32: Lost braces in \itemize; \value handles \item{}{} directly checkRd: (-1) fraction.Rd:33: Lost braces in \itemize; \value handles \item{}{} directly Flavors: r-devel-linux-x86_64-debian-clang, r-devel-linux-x86_64-debian-gcc, r-devel-linux-x86_64-fedora-clang, r-devel-linux-x86_64-fedora-gcc, r-devel-windows-x86_64, r-patched-linux-x86_64, r-release-linux-x86_64, r-release-macos-arm64, r-release-macos-x86_64, r-release-windows-x86_64