Last updated on 2025-04-30 03:50:48 CEST.
Flavor | Version | Tinstall | Tcheck | Ttotal | Status | Flags |
---|---|---|---|---|---|---|
r-devel-linux-x86_64-debian-clang | 0.2.2 | 1.64 | 139.85 | 141.49 | NOTE | |
r-devel-linux-x86_64-debian-gcc | 0.2.2 | 1.51 | 81.82 | 83.33 | NOTE | |
r-devel-linux-x86_64-fedora-clang | 0.2.2 | 237.97 | OK | |||
r-devel-linux-x86_64-fedora-gcc | 0.2.2 | 239.35 | OK | |||
r-devel-windows-x86_64 | 0.2.2 | 4.00 | 133.00 | 137.00 | OK | |
r-patched-linux-x86_64 | 0.2.2 | 2.60 | 127.93 | 130.53 | OK | |
r-release-linux-x86_64 | 0.2.2 | 1.58 | 127.75 | 129.33 | OK | |
r-release-macos-arm64 | 0.2.2 | 94.00 | OK | |||
r-release-macos-x86_64 | 0.2.2 | 164.00 | OK | |||
r-release-windows-x86_64 | 0.2.2 | 5.00 | 130.00 | 135.00 | OK | |
r-oldrel-macos-arm64 | 0.2.2 | 60.00 | OK | |||
r-oldrel-macos-x86_64 | 0.2.2 | 128.00 | OK | |||
r-oldrel-windows-x86_64 | 0.2.2 | 5.00 | 173.00 | 178.00 | OK |
Version: 0.2.2
Check: examples
Result: NOTE
Examples with CPU (user + system) or elapsed time > 5s
user system elapsed
plot.nppi 10.566 0.024 12.570
nppi 9.852 0.169 12.282
Flavor: r-devel-linux-x86_64-debian-clang
Version: 0.2.2
Check: examples
Result: NOTE
Examples with CPU (user + system) or elapsed time > 5s
user system elapsed
nppi 6.647 0.052 8.566
plot.nppi 6.627 0.026 8.858
Flavor: r-devel-linux-x86_64-debian-gcc