CRAN Package Check Results for Package blockCV

Last updated on 2022-01-19 04:48:18 CET.

Flavor Version Tinstall Tcheck Ttotal Status Flags
r-devel-linux-x86_64-debian-clang 2.1.4 25.20 335.56 360.76 OK
r-devel-linux-x86_64-debian-gcc 2.1.4 26.50 266.45 292.95 OK
r-devel-linux-x86_64-fedora-clang 2.1.4 435.25 NOTE
r-devel-linux-x86_64-fedora-gcc 2.1.4 438.50 OK
r-devel-windows-x86_64-new-UL 2.1.4 54.00 325.00 379.00 NOTE
r-devel-windows-x86_64-new-TK 2.1.4 OK
r-patched-linux-x86_64 2.1.4 28.29 326.73 355.02 OK
r-release-linux-x86_64 2.1.4 OK
r-release-macos-arm64 2.1.4 NOTE
r-release-macos-x86_64 2.1.4 NOTE
r-release-windows-ix86+x86_64 2.1.4 66.00 361.00 427.00 NOTE
r-oldrel-macos-x86_64 2.1.4 NOTE
r-oldrel-windows-ix86+x86_64 2.1.4 69.00 377.00 446.00 NOTE

Check Details

Version: 2.1.4
Check: installed package size
Result: NOTE
     installed size is 8.7Mb
     sub-directories of 1Mb or more:
     extdata 7.8Mb
Flavors: r-devel-linux-x86_64-fedora-clang, r-devel-windows-x86_64-new-UL, r-release-macos-arm64, r-release-macos-x86_64, r-release-windows-ix86+x86_64, r-oldrel-macos-x86_64, r-oldrel-windows-ix86+x86_64

Version: 2.1.4
Check: Rd cross-references
Result: NOTE
    Undeclared packages ‘biomod2’, ‘gstat’ in Rd xrefs
Flavor: r-devel-linux-x86_64-fedora-clang