CRAN Package Check Results for Package bizdays

Last updated on 2022-01-23 15:49:01 CET.

Flavor Version Tinstall Tcheck Ttotal Status Flags
r-devel-linux-x86_64-debian-clang 1.0.8 4.90 62.40 67.30 OK
r-devel-linux-x86_64-debian-gcc 1.0.8 4.40 53.55 57.95 OK
r-devel-linux-x86_64-fedora-clang 1.0.8 82.48 NOTE
r-devel-linux-x86_64-fedora-gcc 1.0.8 77.28 NOTE
r-devel-windows-x86_64-new-UL 1.0.8 72.00 110.00 182.00 OK
r-devel-windows-x86_64-new-TK 1.0.8 OK
r-patched-linux-x86_64 1.0.8 4.83 61.53 66.36 OK
r-release-linux-x86_64 1.0.8 4.47 61.23 65.70 OK
r-release-macos-arm64 1.0.8 OK
r-release-macos-x86_64 1.0.8 OK
r-release-windows-ix86+x86_64 1.0.8 14.00 109.00 123.00 OK
r-oldrel-macos-x86_64 1.0.8 OK
r-oldrel-windows-ix86+x86_64 1.0.8 12.00 110.00 122.00 OK

Check Details

Version: 1.0.8
Check: package dependencies
Result: NOTE
    Package suggested but not available for checking: ‘RQuantLib’
Flavors: r-devel-linux-x86_64-fedora-clang, r-devel-linux-x86_64-fedora-gcc