CRAN Package Check Results for Package bitsqueezr

Last updated on 2021-12-07 03:53:36 CET.

Flavor Version Tinstall Tcheck Ttotal Status Flags
r-devel-linux-x86_64-debian-clang 0.1.1 2.32 30.09 32.41 NOTE
r-devel-linux-x86_64-debian-gcc 0.1.1 1.98 24.63 26.61 NOTE
r-devel-linux-x86_64-fedora-clang 0.1.1 43.09 NOTE
r-devel-linux-x86_64-fedora-gcc 0.1.1 31.17 NOTE
r-devel-windows-x86_64-new-UL 0.1.1 8.00 61.00 69.00 NOTE
r-devel-windows-x86_64-new-TK 0.1.1 NOTE
r-devel-windows-x86_64-old 0.1.1 6.00 42.00 48.00 NOTE
r-patched-linux-x86_64 0.1.1 2.10 21.34 23.44 NOTE
r-release-linux-x86_64 0.1.1 2.10 29.28 31.38 NOTE
r-release-macos-arm64 0.1.1 NOTE
r-release-macos-x86_64 0.1.1 NOTE
r-release-windows-ix86+x86_64 0.1.1 6.00 53.00 59.00 NOTE
r-oldrel-macos-x86_64 0.1.1 OK
r-oldrel-windows-ix86+x86_64 0.1.1 14.00 50.00 64.00 OK

Check Details

Version: 0.1.1
Check: LazyData
Result: NOTE
     'LazyData' is specified without a 'data' directory
Flavors: r-devel-linux-x86_64-debian-clang, r-devel-linux-x86_64-debian-gcc, r-devel-linux-x86_64-fedora-clang, r-devel-linux-x86_64-fedora-gcc, r-devel-windows-x86_64-new-UL, r-devel-windows-x86_64-new-TK, r-devel-windows-x86_64-old, r-patched-linux-x86_64, r-release-linux-x86_64, r-release-macos-arm64, r-release-macos-x86_64, r-release-windows-ix86+x86_64