CRAN Package Check Results for Package biplotbootGUI

Last updated on 2022-01-28 04:00:42 CET.

Flavor Version Tinstall Tcheck Ttotal Status Flags
r-devel-linux-x86_64-debian-clang 1.2 15.43 85.82 101.25 OK
r-devel-linux-x86_64-debian-gcc 1.2 12.70 68.08 80.78 OK
r-devel-linux-x86_64-fedora-clang 1.2 124.19 OK
r-devel-linux-x86_64-fedora-gcc 1.2 111.65 OK
r-devel-windows-x86_64-new-UL 1.2 43.00 92.00 135.00 OK
r-devel-windows-x86_64-new-TK 1.2 ERROR
r-patched-linux-x86_64 1.2 11.64 81.62 93.26 OK
r-release-linux-x86_64 1.2 14.79 83.74 98.53 OK
r-release-macos-arm64 1.2 OK
r-release-macos-x86_64 1.2 OK
r-release-windows-ix86+x86_64 1.2 22.00 82.00 104.00 OK
r-oldrel-macos-x86_64 1.2 OK
r-oldrel-windows-ix86+x86_64 1.2 23.00 85.00 108.00 OK

Check Details

Version: 1.2
Check: package dependencies
Result: ERROR
    Package required but not available: 'matlib'
    
    See section 'The DESCRIPTION file' in the 'Writing R Extensions'
    manual.
Flavor: r-devel-windows-x86_64-new-TK