CRAN Package Check Results for Package bioset

Last updated on 2021-10-17 03:51:57 CEST.

Flavor Version Tinstall Tcheck Ttotal Status Flags
r-devel-linux-x86_64-debian-clang 0.2.3 2.76 38.53 41.29 NOTE
r-devel-linux-x86_64-debian-gcc 0.2.3 2.39 29.78 32.17 NOTE
r-devel-linux-x86_64-fedora-clang 0.2.3 61.59 NOTE
r-devel-linux-x86_64-fedora-gcc 0.2.3 50.57 NOTE
r-devel-windows-x86_64 0.2.3 6.00 60.00 66.00 NOTE
r-devel-windows-x86_64-gcc10-UCRT 0.2.3 NOTE
r-patched-linux-x86_64 0.2.3 3.08 36.68 39.76 NOTE
r-patched-solaris-x86 0.2.3 74.00 NOTE
r-release-linux-x86_64 0.2.3 3.00 36.95 39.95 NOTE
r-release-macos-arm64 0.2.3 NOTE
r-release-macos-x86_64 0.2.3 NOTE
r-release-windows-ix86+x86_64 0.2.3 9.00 62.00 71.00 NOTE
r-oldrel-macos-x86_64 0.2.3 OK
r-oldrel-windows-ix86+x86_64 0.2.3 7.00 58.00 65.00 OK

Check Details

Version: 0.2.3
Check: LazyData
Result: NOTE
     'LazyData' is specified without a 'data' directory
Flavors: r-devel-linux-x86_64-debian-clang, r-devel-linux-x86_64-debian-gcc, r-devel-linux-x86_64-fedora-clang, r-devel-linux-x86_64-fedora-gcc, r-devel-windows-x86_64, r-devel-windows-x86_64-gcc10-UCRT, r-patched-linux-x86_64, r-patched-solaris-x86, r-release-linux-x86_64, r-release-macos-arm64, r-release-macos-x86_64, r-release-windows-ix86+x86_64