CRAN Package Check Results for Package biogram

Last updated on 2021-11-30 15:52:15 CET.

Flavor Version Tinstall Tcheck Ttotal Status Flags
r-devel-linux-x86_64-debian-clang 1.6.3 5.37 61.64 67.01 OK
r-devel-linux-x86_64-debian-gcc 1.6.3 2.90 46.35 49.25 OK
r-devel-linux-x86_64-fedora-clang 1.6.3 93.32 NOTE
r-devel-linux-x86_64-fedora-gcc 1.6.3 79.74 OK
r-devel-windows-x86_64-new-UL 1.6.3 14.00 117.00 131.00 OK
r-devel-windows-x86_64-new-TK 1.6.3 OK
r-devel-windows-x86_64-old 1.6.3 8.00 70.00 78.00 OK
r-patched-linux-x86_64 1.6.3 4.89 55.01 59.90 OK
r-patched-solaris-x86 1.6.3 106.50 OK
r-release-linux-x86_64 1.6.3 4.49 54.19 58.68 OK
r-release-macos-arm64 1.6.3 OK
r-release-macos-x86_64 1.6.3 OK
r-release-windows-ix86+x86_64 1.6.3 10.00 84.00 94.00 OK
r-oldrel-macos-x86_64 1.6.3 OK
r-oldrel-windows-ix86+x86_64 1.6.3 7.00 59.00 66.00 OK

Check Details

Version: 1.6.3
Check: Rd cross-references
Result: NOTE
    Undeclared package ‘seqinr’ in Rd xrefs
Flavor: r-devel-linux-x86_64-fedora-clang