CRAN Package Check Results for Package biogeo

Last updated on 2022-08-13 15:53:45 CEST.

Flavor Version Tinstall Tcheck Ttotal Status Flags
r-devel-linux-x86_64-debian-clang 1.0 33.98 325.46 359.44 NOTE
r-devel-linux-x86_64-debian-gcc 1.0 31.05 241.94 272.99 NOTE
r-devel-linux-x86_64-fedora-clang 1.0 425.13 NOTE
r-devel-linux-x86_64-fedora-gcc 1.0 437.14 NOTE
r-devel-windows-x86_64 1.0 51.00 363.00 414.00 OK
r-patched-linux-x86_64 1.0 34.49 322.27 356.76 NOTE
r-release-linux-x86_64 1.0 34.84 315.53 350.37 NOTE
r-release-macos-arm64 1.0 97.00 OK
r-release-macos-x86_64 1.0 133.00 OK
r-release-windows-x86_64 1.0 52.00 361.00 413.00 OK
r-oldrel-macos-arm64 1.0 66.00 OK
r-oldrel-macos-x86_64 1.0 106.00 OK
r-oldrel-windows-ix86+x86_64 1.0 95.00 365.00 460.00 OK

Check Details

Version: 1.0
Check: for non-standard things in the check directory
Result: NOTE
    Found the following files/directories:
     'pointshape.dbf' 'pointshape.shp' 'pointshape.shx'
Flavors: r-devel-linux-x86_64-debian-clang, r-devel-linux-x86_64-debian-gcc, r-devel-linux-x86_64-fedora-clang, r-devel-linux-x86_64-fedora-gcc, r-patched-linux-x86_64, r-release-linux-x86_64