CRAN Package Check Results for Package binst

Last updated on 2022-01-23 15:49:01 CET.

Flavor Version Tinstall Tcheck Ttotal Status Flags
r-devel-linux-x86_64-debian-clang 0.2.1 2.20 32.90 35.10 NOTE
r-devel-linux-x86_64-debian-gcc 0.2.1 1.71 28.39 30.10 NOTE
r-devel-linux-x86_64-fedora-clang 0.2.1 43.66 NOTE
r-devel-linux-x86_64-fedora-gcc 0.2.1 32.87 NOTE
r-devel-windows-x86_64-new-UL 0.2.1 17.00 52.00 69.00 NOTE
r-devel-windows-x86_64-new-TK 0.2.1 NOTE
r-patched-linux-x86_64 0.2.1 2.22 31.62 33.84 NOTE
r-release-linux-x86_64 0.2.1 2.13 31.25 33.38 NOTE
r-release-macos-arm64 0.2.1 NOTE
r-release-macos-x86_64 0.2.1 NOTE
r-release-windows-ix86+x86_64 0.2.1 5.00 41.00 46.00 NOTE
r-oldrel-macos-x86_64 0.2.1 OK
r-oldrel-windows-ix86+x86_64 0.2.1 5.00 40.00 45.00 OK

Check Details

Version: 0.2.1
Check: LazyData
Result: NOTE
     'LazyData' is specified without a 'data' directory
Flavors: r-devel-linux-x86_64-debian-clang, r-devel-linux-x86_64-debian-gcc, r-devel-linux-x86_64-fedora-clang, r-devel-linux-x86_64-fedora-gcc, r-devel-windows-x86_64-new-UL, r-devel-windows-x86_64-new-TK, r-patched-linux-x86_64, r-release-linux-x86_64, r-release-macos-arm64, r-release-macos-x86_64, r-release-windows-ix86+x86_64