CRAN Package Check Results for Package binnednp

Last updated on 2022-01-27 04:05:15 CET.

Flavor Version Tinstall Tcheck Ttotal Status Flags
r-devel-linux-x86_64-debian-clang 0.4.0 41.58 11.39 52.97 ERROR
r-devel-linux-x86_64-debian-gcc 0.4.0 26.21 8.95 35.16 ERROR
r-devel-linux-x86_64-fedora-clang 0.4.0 74.43 ERROR
r-devel-linux-x86_64-fedora-gcc 0.4.0 51.61 ERROR
r-devel-windows-x86_64-new-UL 0.4.0 34.00 9.00 43.00 ERROR
r-devel-windows-x86_64-new-TK 0.4.0 ERROR
r-patched-linux-x86_64 0.4.0 27.11 10.88 37.99 ERROR
r-release-linux-x86_64 0.4.0 26.07 11.00 37.07 ERROR
r-release-macos-arm64 0.4.0 NOTE
r-release-macos-x86_64 0.4.0 NOTE
r-release-windows-ix86+x86_64 0.4.0 42.00 10.00 52.00 ERROR
r-oldrel-macos-x86_64 0.4.0 NOTE
r-oldrel-windows-ix86+x86_64 0.4.0 41.00 8.00 49.00 ERROR

Check Details

Version: 0.4.0
Check: whether package can be installed
Result: ERROR
    Installation failed.
Flavors: r-devel-linux-x86_64-debian-clang, r-devel-linux-x86_64-debian-gcc, r-devel-linux-x86_64-fedora-clang, r-devel-linux-x86_64-fedora-gcc, r-devel-windows-x86_64-new-UL, r-devel-windows-x86_64-new-TK, r-patched-linux-x86_64, r-release-linux-x86_64, r-release-windows-ix86+x86_64, r-oldrel-windows-ix86+x86_64

Version: 0.4.0
Check: dependencies in R code
Result: NOTE
    Namespace in Imports field not imported from: ‘Rdpack’
     All declared Imports should be used.
Flavors: r-release-macos-arm64, r-release-macos-x86_64, r-oldrel-macos-x86_64

Version: 0.4.0
Check: LazyData
Result: NOTE
     'LazyData' is specified without a 'data' directory
Flavors: r-release-macos-arm64, r-release-macos-x86_64