CRAN Package Check Results for Package bindrcpp

Last updated on 2022-01-27 15:53:28 CET.

Flavor Version Tinstall Tcheck Ttotal Status Flags
r-devel-linux-x86_64-debian-clang 0.2.2 33.60 35.15 68.75 NOTE
r-devel-linux-x86_64-debian-gcc 0.2.2 22.08 28.05 50.13 NOTE
r-devel-linux-x86_64-fedora-clang 0.2.2 92.24 NOTE
r-devel-linux-x86_64-fedora-gcc 0.2.2 72.26 NOTE
r-devel-windows-x86_64-new-UL 0.2.2 38.00 77.00 115.00 NOTE
r-devel-windows-x86_64-new-TK 0.2.2 NOTE
r-patched-linux-x86_64 0.2.2 21.14 33.97 55.11 NOTE
r-release-linux-x86_64 0.2.2 28.60 32.97 61.57 NOTE
r-release-macos-arm64 0.2.2 NOTE
r-release-macos-x86_64 0.2.2 NOTE
r-release-windows-ix86+x86_64 0.2.2 74.00 74.00 148.00 NOTE
r-oldrel-macos-x86_64 0.2.2 OK
r-oldrel-windows-ix86+x86_64 0.2.2 75.00 78.00 153.00 OK

Check Details

Version: 0.2.2
Check: LazyData
Result: NOTE
     'LazyData' is specified without a 'data' directory
Flavors: r-devel-linux-x86_64-debian-clang, r-devel-linux-x86_64-debian-gcc, r-devel-linux-x86_64-fedora-clang, r-devel-linux-x86_64-fedora-gcc, r-devel-windows-x86_64-new-UL, r-devel-windows-x86_64-new-TK, r-patched-linux-x86_64, r-release-linux-x86_64, r-release-macos-arm64, r-release-macos-x86_64, r-release-windows-ix86+x86_64