CRAN Package Check Results for Package bigstatsr

Last updated on 2021-10-22 03:55:16 CEST.

Flavor Version Tinstall Tcheck Ttotal Status Flags
r-devel-linux-x86_64-debian-clang 1.5.1 225.96 221.86 447.82 OK
r-devel-linux-x86_64-debian-gcc 1.5.1 161.81 182.62 344.43 OK
r-devel-linux-x86_64-fedora-clang 1.5.1 665.86 NOTE
r-devel-linux-x86_64-fedora-gcc 1.5.1 626.93 OK
r-devel-windows-x86_64 1.5.1 340.00 290.00 630.00 OK
r-devel-windows-x86_64-gcc10-UCRT 1.5.1 OK
r-patched-linux-x86_64 1.5.1 152.80 211.89 364.69 OK
r-patched-solaris-x86 1.5.1 598.70 ERROR
r-release-linux-x86_64 1.5.1 174.60 209.19 383.79 OK
r-release-macos-arm64 1.5.1 NOTE
r-release-macos-x86_64 1.5.1 NOTE
r-release-windows-ix86+x86_64 1.5.1 460.00 510.00 970.00 NOTE
r-oldrel-macos-x86_64 1.5.1 NOTE
r-oldrel-windows-ix86+x86_64 1.5.1 650.00 504.00 1154.00 NOTE

Check Details

Version: 1.5.1
Check: installed package size
Result: NOTE
     installed size is 13.0Mb
     sub-directories of 1Mb or more:
     extdata 2.3Mb
     libs 9.9Mb
Flavors: r-devel-linux-x86_64-fedora-clang, r-release-macos-arm64, r-release-macos-x86_64, r-release-windows-ix86+x86_64, r-oldrel-macos-x86_64, r-oldrel-windows-ix86+x86_64

Version: 1.5.1
Check: examples
Result: ERROR
    Running examples in ‘bigstatsr-Ex.R’ failed
    The error most likely occurred in:
    
    > ### Name: plot.big_SVD
    > ### Title: Plot method
    > ### Aliases: plot.big_SVD
    >
    > ### ** Examples
    >
    > set.seed(1)
    >
    > X <- big_attachExtdata()
    > svd <- big_SVD(X, big_scale(), k = 10)
    
     *** caught segfault ***
    address f6af4000, cause 'invalid permissions'
    
    Traceback:
     1: increment_scaled_tcrossprod(K, X_part_temp, X, ind.row, ind.col.ind, ms$center, ms$scale)
     2: big_tcrossprodSelf(X, fun.scaling = fun.scaling, ind.row = ind.row, ind.col = ind.col, block.size = block.size)
     3: DualBigPCA(X, fun.scaling, ind.row, ind.col, block.size, k)
     4: big_SVD(X, big_scale(), k = 10)
    An irrecoverable exception occurred. R is aborting now ...
Flavor: r-patched-solaris-x86