Last updated on 2022-08-08 03:54:40 CEST.
Flavor | Version | Tinstall | Tcheck | Ttotal | Status | Flags |
---|---|---|---|---|---|---|
r-devel-linux-x86_64-debian-clang | 1.10.8 | 243.60 | 303.69 | 547.29 | NOTE | |
r-devel-linux-x86_64-debian-gcc | 1.10.8 | 188.10 | 235.21 | 423.31 | NOTE | |
r-devel-linux-x86_64-fedora-clang | 1.10.8 | 730.18 | NOTE | |||
r-devel-linux-x86_64-fedora-gcc | 1.10.8 | 659.68 | OK | |||
r-devel-windows-x86_64 | 1.10.8 | 244.00 | 326.00 | 570.00 | OK | |
r-patched-linux-x86_64 | 1.10.8 | 177.16 | 276.07 | 453.23 | OK | |
r-release-linux-x86_64 | 1.10.8 | OK | ||||
r-release-macos-arm64 | 1.10.8 | 170.00 | NOTE | |||
r-release-macos-x86_64 | 1.10.8 | 220.00 | NOTE | |||
r-release-windows-x86_64 | 1.10.8 | 248.00 | 332.00 | 580.00 | OK | |
r-oldrel-macos-arm64 | 1.10.8 | 173.00 | NOTE | |||
r-oldrel-macos-x86_64 | 1.10.8 | 213.00 | NOTE | |||
r-oldrel-windows-ix86+x86_64 | 1.10.8 | 645.00 | 558.00 | 1203.00 | OK |
Version: 1.10.8
Check: HTML version of manual
Result: NOTE
Found the following HTML validation problems:
snp_ldsc.html:122:1: Warning: trimming empty <dt>
Flavors: r-devel-linux-x86_64-debian-clang, r-devel-linux-x86_64-debian-gcc
Version: 1.10.8
Check: installed package size
Result: NOTE
installed size is 7.2Mb
sub-directories of 1Mb or more:
libs 5.8Mb
Flavors: r-devel-linux-x86_64-fedora-clang, r-release-macos-arm64, r-release-macos-x86_64, r-oldrel-macos-arm64, r-oldrel-macos-x86_64