CRAN Package Check Results for Package bigrquery

Last updated on 2025-04-23 03:50:12 CEST.

Flavor Version Tinstall Tcheck Ttotal Status Flags
r-devel-linux-x86_64-debian-clang 1.5.1 16.88 73.77 90.65 NOTE
r-devel-linux-x86_64-debian-gcc 1.5.1 12.59 52.49 65.08 NOTE
r-devel-linux-x86_64-fedora-clang 1.5.1 147.46 OK
r-devel-linux-x86_64-fedora-gcc 1.5.1 140.75 OK
r-devel-windows-x86_64 1.5.1 24.00 103.00 127.00 NOTE
r-patched-linux-x86_64 1.5.1 17.69 69.83 87.52 NOTE
r-release-linux-x86_64 1.5.1 16.99 70.25 87.24 NOTE
r-release-macos-arm64 1.5.1 47.00 OK
r-release-macos-x86_64 1.5.1 78.00 OK
r-release-windows-x86_64 1.5.1 23.00 102.00 125.00 NOTE
r-oldrel-macos-arm64 1.5.1 39.00 OK
r-oldrel-macos-x86_64 1.5.1 62.00 OK
r-oldrel-windows-x86_64 1.5.1 27.00 127.00 154.00 OK

Check Details

Version: 1.5.1
Check: Rd cross-references
Result: NOTE Found the following Rd file(s) with Rd \link{} targets missing package anchors: DBI.Rd: DBIObject-class, DBIDriver-class, DBIConnection-class, DBIResult-class bigquery.Rd: DBIDriver-class, DBIConnection-class Please provide package anchors for all Rd \link{} targets not in the package itself and the base packages. Flavors: r-devel-linux-x86_64-debian-clang, r-devel-linux-x86_64-debian-gcc, r-devel-windows-x86_64, r-patched-linux-x86_64, r-release-linux-x86_64, r-release-windows-x86_64