CRAN Package Check Results for Package bigDM

Last updated on 2022-10-02 15:54:20 CEST.

Flavor Version Tinstall Tcheck Ttotal Status Flags
r-devel-linux-x86_64-debian-clang 0.4.2 22.08 171.87 193.95 NOTE
r-devel-linux-x86_64-debian-gcc 0.4.2 19.09 125.87 144.96 NOTE
r-devel-linux-x86_64-fedora-clang 0.4.2 247.22 NOTE
r-devel-linux-x86_64-fedora-gcc 0.4.2 245.79 NOTE
r-devel-windows-x86_64 0.4.2 30.00 186.00 216.00 NOTE
r-patched-linux-x86_64 0.4.2 24.92 156.85 181.77 NOTE
r-release-linux-x86_64 0.4.2 24.56 157.98 182.54 NOTE
r-release-macos-arm64 0.4.2 132.00 NOTE
r-release-macos-x86_64 0.4.2 170.00 NOTE
r-release-windows-x86_64 0.4.2 29.00 183.00 212.00 NOTE
r-oldrel-macos-arm64 0.4.2 107.00 NOTE
r-oldrel-macos-x86_64 0.4.2 156.00 NOTE
r-oldrel-windows-ix86+x86_64 0.4.2 47.00 180.00 227.00 OK

Check Details

Version: 0.4.2
Check: package dependencies
Result: NOTE
    Package suggested but not available for checking: 'INLA'
Flavors: r-devel-linux-x86_64-debian-clang, r-devel-linux-x86_64-debian-gcc, r-devel-windows-x86_64, r-patched-linux-x86_64, r-release-linux-x86_64, r-release-macos-arm64, r-release-macos-x86_64, r-release-windows-x86_64, r-oldrel-macos-arm64, r-oldrel-macos-x86_64

Version: 0.4.2
Check: data for non-ASCII characters
Result: NOTE
     Note: found 940 marked Latin-1 strings
Flavors: r-devel-linux-x86_64-fedora-clang, r-devel-linux-x86_64-fedora-gcc, r-release-macos-arm64, r-release-macos-x86_64, r-oldrel-macos-arm64, r-oldrel-macos-x86_64

Version: 0.4.2
Check: installed package size
Result: NOTE
     installed size is 5.3Mb
     sub-directories of 1Mb or more:
     data 5.1Mb
Flavors: r-release-macos-arm64, r-oldrel-macos-arm64