CRAN Package Check Results for Package bibliometrix

Last updated on 2021-10-22 03:55:16 CEST.

Flavor Version Tinstall Tcheck Ttotal Status Flags
r-devel-linux-x86_64-debian-clang 3.1.4 24.29 222.99 247.28 OK
r-devel-linux-x86_64-debian-gcc 3.1.4 18.89 171.42 190.31 OK
r-devel-linux-x86_64-fedora-clang 3.1.4 305.41 NOTE
r-devel-linux-x86_64-fedora-gcc 3.1.4 289.35 OK
r-devel-windows-x86_64 3.1.4 37.00 283.00 320.00 OK
r-devel-windows-x86_64-gcc10-UCRT 3.1.4 ERROR
r-patched-linux-x86_64 3.1.4 29.96 215.90 245.86 OK
r-patched-solaris-x86 3.1.4 423.10 OK
r-release-linux-x86_64 3.1.4 23.50 215.15 238.65 OK
r-release-macos-arm64 3.1.4 OK
r-release-macos-x86_64 3.1.4 OK
r-release-windows-ix86+x86_64 3.1.4 50.00 269.00 319.00 OK
r-oldrel-macos-x86_64 3.1.4 OK
r-oldrel-windows-ix86+x86_64 3.1.4 53.00 269.00 322.00 OK

Check Details

Version: 3.1.4
Check: package dependencies
Result: NOTE
    Imports includes 24 non-default packages.
    Importing from so many packages makes the package vulnerable to any of
    them becoming unavailable. Move as many as possible to Suggests and
    use conditionally.
Flavor: r-devel-linux-x86_64-fedora-clang

Version: 3.1.4
Check: package dependencies
Result: ERROR
    Package required but not available: 'igraph'
    
    See section 'The DESCRIPTION file' in the 'Writing R Extensions'
    manual.
Flavor: r-devel-windows-x86_64-gcc10-UCRT