CRAN Package Check Results for Package biblio

Last updated on 2024-03-02 02:48:33 CET.

Flavor Version Tinstall Tcheck Ttotal Status Flags
r-devel-linux-x86_64-debian-clang 0.0.8 4.02 39.42 43.44 OK
r-devel-linux-x86_64-debian-gcc 0.0.8 4.14 30.23 34.37 OK
r-devel-linux-x86_64-fedora-clang 0.0.8 53.42 NOTE
r-devel-linux-x86_64-fedora-gcc 0.0.8 52.40 NOTE
r-devel-windows-x86_64 0.0.8 6.00 53.00 59.00 OK
r-patched-linux-x86_64 0.0.8 9.52 38.04 47.56 OK
r-release-linux-x86_64 0.0.8 4.05 38.23 42.28 OK
r-release-macos-arm64 0.0.8 27.00 OK
r-release-macos-x86_64 0.0.8 36.00 OK
r-release-windows-x86_64 0.0.8 10.00 56.00 66.00 OK
r-oldrel-macos-arm64 0.0.8 22.00 OK
r-oldrel-windows-x86_64 0.0.8 7.00 60.00 67.00 OK

Check Details

Version: 0.0.8
Check: data for non-ASCII characters
Result: NOTE Note: found 1904 marked UTF-8 strings Flavors: r-devel-linux-x86_64-fedora-clang, r-devel-linux-x86_64-fedora-gcc