Last updated on 2023-01-26 15:53:04 CET.
Flavor | Version | Tinstall | Tcheck | Ttotal | Status | Flags |
---|---|---|---|---|---|---|
r-devel-linux-x86_64-debian-clang | 0.0.7 | 5.22 | 39.78 | 45.00 | OK | |
r-devel-linux-x86_64-debian-gcc | 0.0.7 | 4.04 | 30.48 | 34.52 | OK | |
r-devel-linux-x86_64-fedora-clang | 0.0.7 | 61.53 | NOTE | |||
r-devel-linux-x86_64-fedora-gcc | 0.0.7 | 54.32 | NOTE | |||
r-devel-windows-x86_64 | 0.0.7 | 23.00 | 67.00 | 90.00 | OK | |
r-patched-linux-x86_64 | 0.0.7 | 8.49 | 38.73 | 47.22 | OK | |
r-release-linux-x86_64 | 0.0.7 | 5.03 | 39.65 | 44.68 | OK | |
r-release-macos-arm64 | 0.0.7 | 22.00 | NOTE | |||
r-release-macos-x86_64 | 0.0.7 | 29.00 | NOTE | |||
r-release-windows-x86_64 | 0.0.7 | 14.00 | 66.00 | 80.00 | OK | |
r-oldrel-macos-arm64 | 0.0.6 | 16.00 | NOTE | |||
r-oldrel-macos-x86_64 | 0.0.6 | 29.00 | NOTE | |||
r-oldrel-windows-ix86+x86_64 | 0.0.6 | 9.00 | 58.00 | 67.00 | OK |
Version: 0.0.7
Check: data for non-ASCII characters
Result: NOTE
Note: found 1904 marked UTF-8 strings
Flavors: r-devel-linux-x86_64-fedora-clang, r-devel-linux-x86_64-fedora-gcc, r-release-macos-arm64, r-release-macos-x86_64
Version: 0.0.6
Check: data for non-ASCII characters
Result: NOTE
Note: found 1904 marked UTF-8 strings
Flavors: r-oldrel-macos-arm64, r-oldrel-macos-x86_64