CRAN Package Check Results for Package bentcableAR

Last updated on 2024-07-14 15:54:43 CEST.

Flavor Version Tinstall Tcheck Ttotal Status Flags
r-devel-linux-x86_64-debian-clang 0.3.1 3.00 42.91 45.91 NOTE
r-devel-linux-x86_64-debian-gcc 0.3.1 2.58 31.30 33.88 NOTE
r-devel-linux-x86_64-fedora-clang 0.3.1 56.51 NOTE
r-devel-linux-x86_64-fedora-gcc 0.3.1 55.90 NOTE
r-devel-windows-x86_64 0.3.1 3.00 49.00 52.00 NOTE
r-patched-linux-x86_64 0.3.1 3.95 27.41 31.36 NOTE
r-release-linux-x86_64 0.3.1 2.71 22.84 25.55 NOTE
r-release-macos-arm64 0.3.1 20.00 NOTE
r-release-macos-x86_64 0.3.1 46.00 NOTE
r-release-windows-x86_64 0.3.1 3.00 49.00 52.00 NOTE
r-oldrel-macos-arm64 0.3.1 22.00 OK
r-oldrel-macos-x86_64 0.3.1 29.00 OK
r-oldrel-windows-x86_64 0.3.1 4.00 54.00 58.00 OK

Check Details

Version: 0.3.1
Check: Rd files
Result: NOTE checkRd: (-1) sockeye.Rd:13-14: Lost braces in \itemize; meant \describe ? checkRd: (-1) sockeye.Rd:15-16: Lost braces in \itemize; meant \describe ? checkRd: (-1) stagnant.Rd:13: Lost braces in \itemize; meant \describe ? checkRd: (-1) stagnant.Rd:14: Lost braces in \itemize; meant \describe ? Flavors: r-devel-linux-x86_64-debian-clang, r-devel-linux-x86_64-debian-gcc, r-devel-linux-x86_64-fedora-clang, r-devel-linux-x86_64-fedora-gcc, r-devel-windows-x86_64, r-patched-linux-x86_64, r-release-linux-x86_64, r-release-macos-arm64, r-release-macos-x86_64, r-release-windows-x86_64