CRAN Package Check Results for Package beam

Last updated on 2021-11-29 03:53:00 CET.

Flavor Version Tinstall Tcheck Ttotal Status Flags
r-devel-linux-x86_64-debian-clang 2.0.2 OK
r-devel-linux-x86_64-debian-gcc 2.0.2 41.95 63.17 105.12 OK
r-devel-linux-x86_64-fedora-clang 2.0.2 207.44 OK
r-devel-linux-x86_64-fedora-gcc 2.0.2 175.22 OK
r-devel-windows-x86_64-new-UL 2.0.2 80.00 147.00 227.00 OK
r-devel-windows-x86_64-new-TK 2.0.2 OK
r-devel-windows-x86_64-old 2.0.2 51.00 112.00 163.00 OK
r-patched-linux-x86_64 2.0.2 49.67 78.30 127.97 OK
r-patched-solaris-x86 2.0.2 212.40 OK
r-release-linux-x86_64 2.0.2 46.89 78.28 125.17 OK
r-release-macos-arm64 2.0.2 NOTE
r-release-macos-x86_64 2.0.2 NOTE
r-release-windows-ix86+x86_64 2.0.2 134.00 160.00 294.00 OK
r-oldrel-macos-x86_64 2.0.2 NOTE
r-oldrel-windows-ix86+x86_64 2.0.2 105.00 155.00 260.00 OK

Check Details

Version: 2.0.2
Check: installed package size
Result: NOTE
     installed size is 5.7Mb
     sub-directories of 1Mb or more:
     libs 5.0Mb
Flavors: r-release-macos-arm64, r-release-macos-x86_64, r-oldrel-macos-x86_64