CRAN Package Check Results for Package bdpar

Last updated on 2023-01-29 03:55:08 CET.

Flavor Version Tinstall Tcheck Ttotal Status Flags
r-devel-linux-x86_64-debian-clang 3.0.3 28.97 82.78 111.75 OK
r-devel-linux-x86_64-debian-gcc 3.0.3 23.63 61.34 84.97 OK
r-devel-linux-x86_64-fedora-clang 3.0.3 152.44 NOTE
r-devel-linux-x86_64-fedora-gcc 3.0.3 150.64 NOTE
r-devel-windows-x86_64 3.0.3 133.00 134.00 267.00 OK
r-patched-linux-x86_64 3.0.3 35.00 70.42 105.42 OK
r-release-linux-x86_64 3.0.3 30.97 68.15 99.12 OK
r-release-macos-arm64 3.0.3 53.00 NOTE
r-release-macos-x86_64 3.0.3 55.00 NOTE
r-release-windows-x86_64 3.0.3 162.00 119.00 281.00 OK
r-oldrel-macos-arm64 3.0.3 50.00 NOTE
r-oldrel-macos-x86_64 3.0.3 60.00 NOTE
r-oldrel-windows-ix86+x86_64 3.0.3 47.00 103.00 150.00 OK

Check Details

Version: 3.0.3
Check: data for non-ASCII characters
Result: NOTE
     Note: found 2666 marked UTF-8 strings
Flavors: r-devel-linux-x86_64-fedora-clang, r-devel-linux-x86_64-fedora-gcc, r-release-macos-arm64, r-release-macos-x86_64, r-oldrel-macos-arm64, r-oldrel-macos-x86_64