CRAN Package Check Results for Package bdclean

Last updated on 2022-01-26 03:54:14 CET.

Flavor Version Tinstall Tcheck Ttotal Status Flags
r-devel-linux-x86_64-debian-clang 0.1.15 11.87 109.69 121.56 NOTE
r-devel-linux-x86_64-debian-gcc 0.1.15 9.98 81.85 91.83 NOTE
r-devel-linux-x86_64-fedora-clang 0.1.15 141.01 NOTE
r-devel-linux-x86_64-fedora-gcc 0.1.15 132.21 NOTE
r-devel-windows-x86_64-new-UL 0.1.15 41.00 122.00 163.00 NOTE
r-devel-windows-x86_64-new-TK 0.1.15 NOTE
r-patched-linux-x86_64 0.1.15 11.87 98.85 110.72 NOTE
r-release-linux-x86_64 0.1.15 8.88 96.88 105.76 NOTE
r-release-macos-arm64 0.1.15 NOTE
r-release-macos-x86_64 0.1.15 NOTE
r-release-windows-ix86+x86_64 0.1.15 35.00 129.00 164.00 NOTE
r-oldrel-macos-x86_64 0.1.15 NOTE
r-oldrel-windows-ix86+x86_64 0.1.15 34.00 130.00 164.00 OK

Check Details

Version: 0.1.15
Check: LazyData
Result: NOTE
     'LazyData' is specified without a 'data' directory
Flavors: r-devel-linux-x86_64-debian-clang, r-devel-linux-x86_64-debian-gcc, r-devel-linux-x86_64-fedora-clang, r-devel-linux-x86_64-fedora-gcc, r-devel-windows-x86_64-new-UL, r-devel-windows-x86_64-new-TK, r-patched-linux-x86_64, r-release-linux-x86_64, r-release-macos-arm64, r-release-macos-x86_64, r-release-windows-ix86+x86_64

Version: 0.1.15
Check: dependencies in R code
Result: NOTE
    Namespace in Imports field not imported from: ‘DT’
     All declared Imports should be used.
Flavors: r-devel-linux-x86_64-fedora-clang, r-devel-linux-x86_64-fedora-gcc, r-devel-windows-x86_64-new-TK, r-release-macos-arm64, r-release-macos-x86_64, r-oldrel-macos-x86_64