Last updated on 2023-11-30 15:48:09 CET.
Flavor | Version | Tinstall | Tcheck | Ttotal | Status | Flags |
---|---|---|---|---|---|---|
r-devel-linux-x86_64-debian-clang | 1.1.4 | 40.88 | 397.25 | 438.13 | OK | |
r-devel-linux-x86_64-debian-gcc | 1.1.4 | 30.09 | 291.06 | 321.15 | OK | |
r-devel-linux-x86_64-fedora-clang | 1.1.4 | 562.93 | NOTE | |||
r-devel-linux-x86_64-fedora-gcc | 1.1.4 | 570.76 | OK | |||
r-devel-windows-x86_64 | 1.1.4 | 28.00 | 244.00 | 272.00 | NOTE | |
r-patched-linux-x86_64 | 1.1.4 | 22.42 | 376.30 | 398.72 | OK | |
r-release-linux-x86_64 | 1.1.4 | 22.94 | 377.83 | 400.77 | OK | |
r-release-macos-arm64 | 1.1.4 | 164.00 | NOTE | |||
r-release-macos-x86_64 | 1.1.4 | 329.00 | NOTE | |||
r-release-windows-x86_64 | 1.1.4 | 41.00 | 345.00 | 386.00 | NOTE | |
r-oldrel-macos-arm64 | 1.1.4 | 100.00 | NOTE | |||
r-oldrel-macos-x86_64 | 1.1.4 | 171.00 | NOTE | |||
r-oldrel-windows-x86_64 | 1.1.4 | 43.00 | 340.00 | 383.00 | NOTE |
Version: 1.1.4
Check: installed package size
Result: NOTE
installed size is 5.3Mb
sub-directories of 1Mb or more:
doc 3.6Mb
extdata 1.2Mb
Flavors: r-devel-linux-x86_64-fedora-clang, r-devel-windows-x86_64, r-release-macos-arm64, r-release-macos-x86_64, r-release-windows-x86_64, r-oldrel-macos-arm64, r-oldrel-macos-x86_64, r-oldrel-windows-x86_64