CRAN Package Check Results for Package bdc

Last updated on 2022-11-28 14:51:56 CET.

Flavor Version Tinstall Tcheck Ttotal Status Flags
r-devel-linux-x86_64-debian-clang 1.1.2 42.20 456.73 498.93 OK
r-devel-linux-x86_64-debian-gcc 1.1.2 36.34 331.54 367.88 OK
r-devel-linux-x86_64-fedora-clang 1.1.2 631.09 NOTE
r-devel-linux-x86_64-fedora-gcc 1.1.2 658.47 OK
r-devel-windows-x86_64 1.1.2 72.00 410.00 482.00 NOTE
r-patched-linux-x86_64 1.1.2 31.16 437.94 469.10 OK
r-release-linux-x86_64 1.1.2 32.12 378.47 410.59 OK
r-release-macos-arm64 1.1.2 113.00 NOTE
r-release-macos-x86_64 1.1.2 163.00 NOTE
r-release-windows-x86_64 1.1.2 77.00 403.00 480.00 NOTE
r-oldrel-macos-arm64 1.1.2 100.00 NOTE
r-oldrel-macos-x86_64 1.1.2 176.00 NOTE
r-oldrel-windows-ix86+x86_64 1.1.2 89.00 454.00 543.00 NOTE

Check Details

Version: 1.1.2
Check: installed package size
Result: NOTE
     installed size is 5.5Mb
     sub-directories of 1Mb or more:
     doc 3.6Mb
     extdata 1.5Mb
Flavors: r-devel-linux-x86_64-fedora-clang, r-devel-windows-x86_64, r-release-macos-arm64, r-release-macos-x86_64, r-release-windows-x86_64, r-oldrel-macos-arm64, r-oldrel-macos-x86_64, r-oldrel-windows-ix86+x86_64