CRAN Package Check Results for Package bcrm

Last updated on 2022-01-20 03:55:22 CET.

Flavor Version Tinstall Tcheck Ttotal Status Flags
r-devel-linux-x86_64-debian-clang 0.5.4 OK
r-devel-linux-x86_64-debian-gcc 0.5.4 7.18 51.38 58.56 OK
r-devel-linux-x86_64-fedora-clang 0.5.4 96.78 NOTE
r-devel-linux-x86_64-fedora-gcc 0.5.4 80.64 NOTE
r-devel-windows-x86_64-new-UL 0.5.4 27.00 87.00 114.00 NOTE
r-devel-windows-x86_64-new-TK 0.5.4 NOTE
r-patched-linux-x86_64 0.5.4 5.71 65.14 70.85 OK
r-release-linux-x86_64 0.5.4 OK
r-release-macos-arm64 0.5.4 NOTE
r-release-macos-x86_64 0.5.4 NOTE
r-release-windows-ix86+x86_64 0.5.4 19.00 80.00 99.00 OK
r-oldrel-macos-x86_64 0.5.4 NOTE
r-oldrel-windows-ix86+x86_64 0.5.4 18.00 79.00 97.00 OK

Check Details

Version: 0.5.4
Check: dependencies in R code
Result: NOTE
    Namespaces in Imports field not imported from:
     ‘knitr’ ‘rlang’
     All declared Imports should be used.
Flavors: r-devel-linux-x86_64-fedora-clang, r-devel-linux-x86_64-fedora-gcc, r-devel-windows-x86_64-new-TK, r-release-macos-arm64, r-release-macos-x86_64, r-oldrel-macos-x86_64

Version: 0.5.4
Check: package dependencies
Result: NOTE
    Package suggested but not available for checking: 'BRugs'
Flavors: r-devel-windows-x86_64-new-UL, r-devel-windows-x86_64-new-TK, r-release-macos-x86_64, r-oldrel-macos-x86_64

Version: 0.5.4
Check: package dependencies
Result: NOTE
    Packages suggested but not available for checking: 'BRugs', 'rjags'
Flavor: r-release-macos-arm64