CRAN Package Check Results for Package bcmaps

Last updated on 2021-10-22 03:55:16 CEST.

Flavor Version Tinstall Tcheck Ttotal Status Flags
r-devel-linux-x86_64-debian-clang 1.0.2 9.17 102.89 112.06 NOTE
r-devel-linux-x86_64-debian-gcc 1.0.2 7.23 77.17 84.40 NOTE
r-devel-linux-x86_64-fedora-clang 1.0.2 143.88 NOTE
r-devel-linux-x86_64-fedora-gcc 1.0.2 131.01 NOTE
r-devel-windows-x86_64 1.0.2 16.00 138.00 154.00 NOTE
r-devel-windows-x86_64-gcc10-UCRT 1.0.2 NOTE
r-patched-linux-x86_64 1.0.2 9.66 97.49 107.15 NOTE
r-patched-solaris-x86 1.0.2 163.50 NOTE
r-release-linux-x86_64 1.0.2 8.17 97.51 105.68 NOTE
r-release-macos-arm64 1.0.2 NOTE
r-release-macos-x86_64 1.0.2 NOTE
r-release-windows-ix86+x86_64 1.0.2 27.00 132.00 159.00 NOTE
r-oldrel-macos-x86_64 1.0.2 OK
r-oldrel-windows-ix86+x86_64 1.0.2 21.00 111.00 132.00 OK

Check Details

Version: 1.0.2
Check: LazyData
Result: NOTE
     'LazyData' is specified without a 'data' directory
Flavors: r-devel-linux-x86_64-debian-clang, r-devel-linux-x86_64-debian-gcc, r-devel-linux-x86_64-fedora-clang, r-devel-linux-x86_64-fedora-gcc, r-devel-windows-x86_64, r-devel-windows-x86_64-gcc10-UCRT, r-patched-linux-x86_64, r-patched-solaris-x86, r-release-linux-x86_64, r-release-macos-arm64, r-release-macos-x86_64, r-release-windows-ix86+x86_64