CRAN Package Check Results for Package bbsBayes

Last updated on 2021-10-26 15:51:04 CEST.

Flavor Version Tinstall Tcheck Ttotal Status Flags
r-devel-linux-x86_64-debian-clang 2.3.8.2020 13.68 134.23 147.91 OK
r-devel-linux-x86_64-debian-gcc 2.3.8.2020 10.75 99.53 110.28 OK
r-devel-linux-x86_64-fedora-clang 2.3.8.2020 183.39 NOTE
r-devel-linux-x86_64-fedora-gcc 2.3.8.2020 171.14 NOTE
r-devel-windows-x86_64 2.3.8.2020 20.00 155.00 175.00 OK
r-devel-windows-x86_64-gcc10-UCRT 2.3.8.2020 NOTE
r-patched-linux-x86_64 2.3.8.2020 13.20 124.85 138.05 OK
r-patched-solaris-x86 2.3.8.2020 297.50 NOTE
r-release-linux-x86_64 2.3.8.2020 12.26 124.00 136.26 OK
r-release-macos-arm64 2.3.8.2020 NOTE
r-release-macos-x86_64 2.3.8.2020 NOTE
r-release-windows-ix86+x86_64 2.3.8.2020 20.00 158.00 178.00 OK
r-oldrel-macos-x86_64 2.3.8.2020 NOTE
r-oldrel-windows-ix86+x86_64 2.3.8.2020 28.00 160.00 188.00 OK

Check Details

Version: 2.3.8.2020
Check: dependencies in R code
Result: NOTE
    Namespaces in Imports field not imported from:
     ‘latticeExtra’ ‘rgdal’
     All declared Imports should be used.
Flavors: r-devel-linux-x86_64-fedora-clang, r-devel-linux-x86_64-fedora-gcc, r-devel-windows-x86_64-gcc10-UCRT, r-patched-solaris-x86, r-release-macos-arm64, r-release-macos-x86_64, r-oldrel-macos-x86_64