CRAN Package Check Results for Package bazar

Last updated on 2022-01-19 04:48:18 CET.

Flavor Version Tinstall Tcheck Ttotal Status Flags
r-devel-linux-x86_64-debian-clang 1.0.11 3.30 37.78 41.08 NOTE --no-examples --no-tests --no-vignettes
r-devel-linux-x86_64-debian-gcc 1.0.11 2.05 30.88 32.93 NOTE --no-examples --no-tests --no-vignettes
r-devel-linux-x86_64-fedora-clang 1.0.11 55.88 NOTE
r-devel-linux-x86_64-fedora-gcc 1.0.11 43.61 NOTE
r-devel-windows-x86_64-new-UL 1.0.11 45.00 68.00 113.00 NOTE
r-devel-windows-x86_64-new-TK 1.0.11 NOTE --no-examples --no-tests --no-vignettes
r-patched-linux-x86_64 1.0.11 3.78 37.51 41.29 NOTE --no-examples --no-tests --no-vignettes
r-release-linux-x86_64 1.0.11 NOTE --no-examples --no-tests --no-vignettes
r-release-macos-arm64 1.0.11 NOTE
r-release-macos-x86_64 1.0.11 NOTE
r-release-windows-ix86+x86_64 1.0.11 7.00 52.00 59.00 NOTE
r-oldrel-macos-x86_64 1.0.11 OK
r-oldrel-windows-ix86+x86_64 1.0.11 7.00 51.00 58.00 OK

Check Details

Version: 1.0.11
Flags: --no-examples --no-tests --no-vignettes
Check: LazyData
Result: NOTE
     'LazyData' is specified without a 'data' directory
Flavors: r-devel-linux-x86_64-debian-clang, r-devel-linux-x86_64-debian-gcc, r-devel-windows-x86_64-new-TK, r-patched-linux-x86_64, r-release-linux-x86_64

Version: 1.0.11
Check: Rd cross-references
Result: NOTE
    Undeclared package ‘formula.tools’ in Rd xrefs
Flavor: r-devel-linux-x86_64-fedora-clang

Version: 1.0.11
Check: LazyData
Result: NOTE
     'LazyData' is specified without a 'data' directory
Flavors: r-devel-linux-x86_64-fedora-clang, r-devel-linux-x86_64-fedora-gcc, r-devel-windows-x86_64-new-UL, r-release-macos-arm64, r-release-macos-x86_64, r-release-windows-ix86+x86_64