CRAN Package Check Results for Package bayesbio

Last updated on 2022-05-19 15:53:12 CEST.

Flavor Version Tinstall Tcheck Ttotal Status Flags
r-devel-linux-x86_64-debian-clang 1.0.0 2.09 32.98 35.07 NOTE
r-devel-linux-x86_64-debian-gcc 1.0.0 1.92 26.14 28.06 NOTE
r-devel-linux-x86_64-fedora-clang 1.0.0 44.42 NOTE
r-devel-linux-x86_64-fedora-gcc 1.0.0 42.57 NOTE
r-devel-windows-x86_64 1.0.0 15.00 49.00 64.00 NOTE
r-patched-linux-x86_64 1.0.0 1.76 32.32 34.08 NOTE
r-release-linux-x86_64 1.0.0 2.51 32.93 35.44 NOTE
r-release-macos-arm64 1.0.0 16.00 NOTE
r-release-macos-x86_64 1.0.0 22.00 NOTE
r-release-windows-x86_64 1.0.0 17.00 49.00 66.00 NOTE
r-oldrel-macos-arm64 1.0.0 20.00 NOTE
r-oldrel-macos-x86_64 1.0.0 27.00 NOTE
r-oldrel-windows-ix86+x86_64 1.0.0 5.00 43.00 48.00 NOTE

Check Details

Version: 1.0.0
Check: LazyData
Result: NOTE
     'LazyData' is specified without a 'data' directory
Flavors: r-devel-linux-x86_64-debian-clang, r-devel-linux-x86_64-debian-gcc, r-devel-linux-x86_64-fedora-clang, r-devel-linux-x86_64-fedora-gcc, r-devel-windows-x86_64, r-patched-linux-x86_64, r-release-linux-x86_64, r-release-macos-arm64, r-release-macos-x86_64, r-release-windows-x86_64, r-oldrel-macos-arm64, r-oldrel-macos-x86_64, r-oldrel-windows-ix86+x86_64