CRAN Package Check Results for Package bayesSurv

Last updated on 2022-01-28 15:53:04 CET.

Flavor Version Tinstall Tcheck Ttotal Status Flags
r-devel-linux-x86_64-debian-clang 3.3 115.63 123.57 239.20 OK
r-devel-linux-x86_64-debian-gcc 3.3 92.29 94.53 186.82 OK
r-devel-linux-x86_64-fedora-clang 3.3 390.93 NOTE
r-devel-linux-x86_64-fedora-gcc 3.3 294.04 OK
r-devel-windows-x86_64-new-UL 3.3 263.00 164.00 427.00 OK
r-devel-windows-x86_64-new-TK 3.3 OK
r-patched-linux-x86_64 3.3 105.65 118.26 223.91 OK
r-release-linux-x86_64 3.3 104.15 115.09 219.24 OK
r-release-macos-arm64 3.3 NOTE
r-release-macos-x86_64 3.3 NOTE
r-release-windows-ix86+x86_64 3.3 285.00 171.00 456.00 OK
r-oldrel-macos-x86_64 3.3 NOTE
r-oldrel-windows-ix86+x86_64 3.3 294.00 169.00 463.00 OK

Check Details

Version: 3.3
Check: installed package size
Result: NOTE
     installed size is 5.9Mb
     sub-directories of 1Mb or more:
     libs 4.7Mb
Flavors: r-devel-linux-x86_64-fedora-clang, r-release-macos-arm64, r-release-macos-x86_64, r-oldrel-macos-x86_64

Version: 3.3
Check: Rd cross-references
Result: NOTE
    Undeclared package ‘mvtnorm’ in Rd xrefs
Flavor: r-devel-linux-x86_64-fedora-clang