CRAN Package Check Results for Package bayesDccGarch

Last updated on 2024-07-18 03:56:31 CEST.

Flavor Version Tinstall Tcheck Ttotal Status Flags
r-devel-linux-x86_64-debian-clang 3.0.4 7.07 30.72 37.79 NOTE
r-devel-linux-x86_64-debian-gcc 3.0.4 4.23 23.11 27.34 NOTE
r-devel-linux-x86_64-fedora-clang 3.0.4 47.32 NOTE
r-devel-linux-x86_64-fedora-gcc 3.0.4 46.62 NOTE
r-devel-windows-x86_64 3.0.4 8.00 47.00 55.00 NOTE
r-patched-linux-x86_64 3.0.4 6.05 29.80 35.85 NOTE
r-release-linux-x86_64 3.0.4 4.52 30.04 34.56 NOTE
r-release-macos-arm64 3.0.4 18.00 NOTE
r-release-macos-x86_64 3.0.4 30.00 NOTE
r-release-windows-x86_64 3.0.4 9.00 48.00 57.00 NOTE
r-oldrel-macos-arm64 3.0.4 22.00 OK
r-oldrel-macos-x86_64 3.0.4 43.00 OK
r-oldrel-windows-x86_64 3.0.4 10.00 50.00 60.00 OK

Check Details

Version: 3.0.4
Check: Rd files
Result: NOTE checkRd: (-1) bayesDccGarch.Rd:91: Lost braces; missing escapes or markup? 91 | \item{$H_n1 }{ Bayesian prediction of volatilities and co-volatilities for y_{n+1}.} | ^ checkRd: (-1) bayesDccGarch.Rd:92: Lost braces; missing escapes or markup? 92 | \item{$R_n1 }{ Bayesian prediction of coditional correlation for y_{n+1}.} | ^ Flavors: r-devel-linux-x86_64-debian-clang, r-devel-linux-x86_64-debian-gcc, r-devel-linux-x86_64-fedora-clang, r-devel-linux-x86_64-fedora-gcc, r-devel-windows-x86_64, r-patched-linux-x86_64, r-release-linux-x86_64, r-release-macos-arm64, r-release-macos-x86_64, r-release-windows-x86_64