CRAN Package Check Results for Package bayMDS

Last updated on 2024-07-21 03:55:18 CEST.

Flavor Version Tinstall Tcheck Ttotal Status Flags
r-devel-linux-x86_64-debian-clang 2.0 29.77 49.99 79.76 NOTE
r-devel-linux-x86_64-debian-gcc 2.0 20.70 37.23 57.93 NOTE
r-devel-linux-x86_64-fedora-clang 2.0 117.99 NOTE
r-devel-linux-x86_64-fedora-gcc 2.0 125.37 NOTE
r-devel-windows-x86_64 2.0 28.00 80.00 108.00 NOTE
r-patched-linux-x86_64 2.0 33.04 45.62 78.66 NOTE
r-release-linux-x86_64 2.0 32.79 46.45 79.24 NOTE
r-release-macos-arm64 2.0 30.00 NOTE
r-release-macos-x86_64 2.0 50.00 NOTE
r-release-windows-x86_64 2.0 35.00 79.00 114.00 NOTE
r-oldrel-macos-arm64 2.0 39.00 NOTE
r-oldrel-macos-x86_64 2.0 54.00 NOTE
r-oldrel-windows-x86_64 2.0 38.00 87.00 125.00 NOTE

Check Details

Version: 2.0
Check: C++ specification
Result: NOTE Specified C++11: please drop specification unless essential Flavors: r-devel-linux-x86_64-debian-clang, r-devel-linux-x86_64-debian-gcc, r-devel-linux-x86_64-fedora-clang, r-devel-linux-x86_64-fedora-gcc, r-devel-windows-x86_64, r-patched-linux-x86_64, r-release-linux-x86_64, r-release-macos-arm64, r-release-macos-x86_64, r-release-windows-x86_64, r-oldrel-macos-arm64, r-oldrel-macos-x86_64, r-oldrel-windows-x86_64