Last updated on 2023-02-08 04:06:55 CET.
Flavor | Version | Tinstall | Tcheck | Ttotal | Status | Flags |
---|---|---|---|---|---|---|
r-devel-linux-x86_64-debian-clang | 0.1.0 | 27.00 | 28.47 | 55.47 | OK | |
r-devel-linux-x86_64-debian-gcc | 0.1.0 | 17.31 | 22.42 | 39.73 | OK | |
r-devel-linux-x86_64-fedora-clang | 0.1.0 | 78.29 | NOTE | |||
r-devel-linux-x86_64-fedora-gcc | 0.1.0 | 68.99 | NOTE | |||
r-devel-windows-x86_64 | 0.1.0 | 33.00 | 73.00 | 106.00 | OK | |
r-patched-linux-x86_64 | 0.1.0 | 21.52 | 28.27 | 49.79 | OK | |
r-release-linux-x86_64 | 0.1.0 | 19.42 | 28.37 | 47.79 | OK | |
r-release-macos-arm64 | 0.1.0 | 21.00 | NOTE | |||
r-release-macos-x86_64 | 0.1.0 | 33.00 | NOTE | |||
r-release-windows-x86_64 | 0.1.0 | 37.00 | 81.00 | 118.00 | OK | |
r-oldrel-macos-arm64 | 0.1.0 | 26.00 | NOTE | |||
r-oldrel-macos-x86_64 | 0.1.0 | 44.00 | NOTE | |||
r-oldrel-windows-ix86+x86_64 | 0.1.0 | 59.00 | 85.00 | 144.00 | OK |
Version: 0.1.0
Check: data for non-ASCII characters
Result: NOTE
Note: found 19 marked UTF-8 strings
Flavors: r-devel-linux-x86_64-fedora-clang, r-devel-linux-x86_64-fedora-gcc, r-release-macos-arm64, r-release-macos-x86_64, r-oldrel-macos-arm64, r-oldrel-macos-x86_64
Version: 0.1.0
Check: compiled code
Result: NOTE
File ‘batman/libs/batman.so’:
Found no calls to: ‘R_registerRoutines’, ‘R_useDynamicSymbols’
It is good practice to register native routines and to disable symbol
search.
See ‘Writing portable packages’ in the ‘Writing R Extensions’ manual.
Flavors: r-devel-linux-x86_64-fedora-clang, r-devel-linux-x86_64-fedora-gcc