CRAN Package Check Results for Package banxicoR

Last updated on 2022-01-22 03:56:37 CET.

Flavor Version Tinstall Tcheck Ttotal Status Flags
r-devel-linux-x86_64-debian-clang 0.9.0 1.69 34.14 35.83 OK
r-devel-linux-x86_64-debian-gcc 0.9.0 1.95 27.33 29.28 OK
r-devel-linux-x86_64-fedora-clang 0.9.0 45.94 NOTE
r-devel-linux-x86_64-fedora-gcc 0.9.0 34.90 NOTE
r-devel-windows-x86_64-new-UL 0.9.0 18.00 60.00 78.00 OK
r-devel-windows-x86_64-new-TK 0.9.0 NOTE
r-patched-linux-x86_64 0.9.0 2.44 33.45 35.89 OK
r-release-linux-x86_64 0.9.0 2.47 33.02 35.49 OK
r-release-macos-arm64 0.9.0 NOTE
r-release-macos-x86_64 0.9.0 NOTE
r-release-windows-ix86+x86_64 0.9.0 7.00 44.00 51.00 OK
r-oldrel-macos-x86_64 0.9.0 NOTE
r-oldrel-windows-ix86+x86_64 0.9.0 7.00 47.00 54.00 OK

Check Details

Version: 0.9.0
Check: data for non-ASCII characters
Result: NOTE
     Note: found 148 marked UTF-8 strings
Flavors: r-devel-linux-x86_64-fedora-clang, r-devel-linux-x86_64-fedora-gcc, r-devel-windows-x86_64-new-TK, r-release-macos-arm64, r-release-macos-x86_64, r-oldrel-macos-x86_64