CRAN Package Check Results for Package bamlss

Last updated on 2021-09-23 03:50:42 CEST.

Flavor Version Tinstall Tcheck Ttotal Status Flags
r-devel-linux-x86_64-debian-clang 1.1-5 79.46 410.05 489.51 NOTE
r-devel-linux-x86_64-debian-gcc 1.1-5 58.66 293.17 351.83 NOTE
r-devel-linux-x86_64-fedora-clang 1.1-5 606.67 NOTE
r-devel-linux-x86_64-fedora-gcc 1.1-5 601.72 NOTE
r-devel-windows-x86_64 1.1-4 81.00 325.00 406.00 NOTE
r-devel-windows-x86_64-gcc10-UCRT 1.1-5 ERROR
r-patched-linux-x86_64 1.1-4 74.59 383.64 458.23 ERROR
r-patched-solaris-x86 1.1-5 574.90 NOTE
r-release-linux-x86_64 1.1-5 67.90 387.90 455.80 NOTE
r-release-macos-arm64 1.1-4 NOTE
r-release-macos-x86_64 1.1-5 NOTE
r-release-windows-ix86+x86_64 1.1-4 122.00 455.00 577.00 ERROR
r-oldrel-macos-x86_64 1.1-5 NOTE
r-oldrel-windows-ix86+x86_64 1.1-4 81.00 317.00 398.00 ERROR

Check Details

Version: 1.1-5
Check: Rd cross-references
Result: NOTE
    Unknown package 'BayesXsrc' in Rd xrefs
Flavors: r-devel-linux-x86_64-debian-clang, r-devel-linux-x86_64-debian-gcc, r-devel-linux-x86_64-fedora-gcc, r-patched-solaris-x86, r-release-linux-x86_64

Version: 1.1-5
Check: installed package size
Result: NOTE
     installed size is 6.3Mb
     sub-directories of 1Mb or more:
     R 2.5Mb
     data 1.3Mb
     doc 1.8Mb
Flavors: r-devel-linux-x86_64-fedora-clang, r-patched-solaris-x86, r-release-macos-x86_64, r-oldrel-macos-x86_64

Version: 1.1-5
Check: Rd cross-references
Result: NOTE
    Undeclared package ‘BayesXsrc’ in Rd xrefs
    Unknown package ‘BayesXsrc’ in Rd xrefs
Flavor: r-devel-linux-x86_64-fedora-clang

Version: 1.1-4
Check: installed package size
Result: NOTE
     installed size is 5.7Mb
     sub-directories of 1Mb or more:
     R 2.4Mb
     doc 1.8Mb
Flavors: r-devel-windows-x86_64, r-release-macos-arm64, r-release-windows-ix86+x86_64, r-oldrel-windows-ix86+x86_64

Version: 1.1-5
Check: package dependencies
Result: NOTE
    Packages suggested but not available for checking:
     'spdep', 'keras', 'tensorflow'
Flavor: r-devel-windows-x86_64-gcc10-UCRT

Version: 1.1-5
Check: whether package can be installed
Result: ERROR
    Installation failed.
Flavor: r-devel-windows-x86_64-gcc10-UCRT

Version: 1.1-4
Check: package dependencies
Result: NOTE
    Packages suggested but not available for checking: 'BayesXsrc', 'R2BayesX'
Flavor: r-patched-linux-x86_64

Version: 1.1-4
Check: Rd cross-references
Result: NOTE
    Unknown package ‘BayesXsrc’ in Rd xrefs
Flavor: r-patched-linux-x86_64

Version: 1.1-4
Check: examples
Result: ERROR
    Running examples in ‘bamlss-Ex.R’ failed
    The error most likely occurred in:
    
    > base::assign(".ptime", proc.time(), pos = "CheckExEnv")
    > ### Name: neighbormatrix
    > ### Title: Compute a Neighborhood Matrix from Spatial Polygons
    > ### Aliases: neighbormatrix plotneighbors
    > ### Keywords: models regression aplot
    >
    > ### ** Examples
    >
    > data("LondonFire")
    >
    > ## Compute polygon boundary based
    > ## neighborhood matrix.
    > nm <- neighbormatrix(LondonBoroughs)
    Error in st_as_sfc.SpatialPolygons(pl) :
     package rgeos required for finding out which hole belongs to which exterior ring
    Calls: neighbormatrix ... <Anonymous> -> st_as_sfc -> st_as_sfc.SpatialPolygons
    Execution halted
Flavor: r-patched-linux-x86_64

Version: 1.1-4
Check: package dependencies
Result: NOTE
    Package suggested but not available for checking: ‘rjags’
Flavor: r-release-macos-arm64

Version: 1.1-4
Check: Rd cross-references
Result: NOTE
    Package unavailable to check Rd xrefs: ‘rjags’
Flavor: r-release-macos-arm64

Version: 1.1-4
Check: running examples for arch ‘i386’
Result: ERROR
    Running examples in 'bamlss-Ex.R' failed
    The error most likely occurred in:
    
    > ### Name: neighbormatrix
    > ### Title: Compute a Neighborhood Matrix from Spatial Polygons
    > ### Aliases: neighbormatrix plotneighbors
    > ### Keywords: models regression aplot
    >
    > ### ** Examples
    >
    > data("LondonFire")
    >
    > ## Compute polygon boundary based
    > ## neighborhood matrix.
    > nm <- neighbormatrix(LondonBoroughs)
    Error in st_as_sfc.SpatialPolygons(pl) :
     package rgeos required for finding out which hole belongs to which exterior ring
    Calls: neighbormatrix ... <Anonymous> -> st_as_sfc -> st_as_sfc.SpatialPolygons
    Execution halted
Flavors: r-release-windows-ix86+x86_64, r-oldrel-windows-ix86+x86_64

Version: 1.1-4
Check: running examples for arch ‘x64’
Result: ERROR
    Running examples in 'bamlss-Ex.R' failed
    The error most likely occurred in:
    
    > ### Name: neighbormatrix
    > ### Title: Compute a Neighborhood Matrix from Spatial Polygons
    > ### Aliases: neighbormatrix plotneighbors
    > ### Keywords: models regression aplot
    >
    > ### ** Examples
    >
    > data("LondonFire")
    >
    > ## Compute polygon boundary based
    > ## neighborhood matrix.
    > nm <- neighbormatrix(LondonBoroughs)
    Error in st_as_sfc.SpatialPolygons(pl) :
     package rgeos required for finding out which hole belongs to which exterior ring
    Calls: neighbormatrix ... <Anonymous> -> st_as_sfc -> st_as_sfc.SpatialPolygons
    Execution halted
Flavors: r-release-windows-ix86+x86_64, r-oldrel-windows-ix86+x86_64