CRAN Package Check Results for Package bain

Last updated on 2021-11-27 15:50:35 CET.

Flavor Version Tinstall Tcheck Ttotal Status Flags
r-devel-linux-x86_64-debian-clang 0.2.6 OK
r-devel-linux-x86_64-debian-gcc 0.2.6 5.89 87.41 93.30 OK
r-devel-linux-x86_64-fedora-clang 0.2.6 159.90 OK
r-devel-linux-x86_64-fedora-gcc 0.2.7 428.26 OK
r-devel-windows-x86_64-new-UL 0.2.6 17.00 180.00 197.00 OK
r-devel-windows-x86_64-new-TK 0.2.6 OK
r-devel-windows-x86_64-old 0.2.7 13.00 609.00 622.00 OK
r-patched-linux-x86_64 0.2.6 7.91 114.69 122.60 OK
r-patched-solaris-x86 0.2.7 894.30 ERROR
r-release-linux-x86_64 0.2.6 OK
r-release-macos-arm64 0.2.6 OK
r-release-macos-x86_64 0.2.6 OK
r-release-windows-ix86+x86_64 0.2.6 16.00 266.00 282.00 OK
r-oldrel-macos-x86_64 0.2.6 OK
r-oldrel-windows-ix86+x86_64 0.2.6 12.00 276.00 288.00 OK

Check Details

Version: 0.2.7
Check: tests
Result: ERROR
     Running ‘testthat.R’ [13m/16m]
    Running the tests in ‘tests/testthat.R’ failed.
    Complete output:
     > rm(list=ls())
     > library(testthat)
     > library(lavaan)
     This is lavaan 0.6-9
     lavaan is FREE software! Please report any bugs.
     > library(bain)
     > test_check("bain")
     ══ Failed tests ════════════════════════════════════════════════════════════════
     ── Failure (test-complement.R:205:18): fc ──────────────────────────────────────
     c(results2$fit$Fit[6], results2$fit$Com[6]) not equal to c(...).
     1/2 mismatches
     [2] 0.644 - 0.637 == 0.0066
     ── Failure (test-complement.R:252:18): fc ──────────────────────────────────────
     c(results2$fit$Fit[6], results2$fit$Com[6]) not equal to c(...).
     2/2 mismatches (average diff: 0.0168)
     [1] 0.0319 - 0.0084 == 0.0235
     [2] 0.3071 - 0.3172 == -0.0101
     ── Failure (test-complement.R:291:18): fc ──────────────────────────────────────
     c(results2$fit$Fit[5], results2$fit$Com[5]) not equal to c(...).
     1/2 mismatches
     [2] 0.395 - 0.402 == -0.00699
     ── Failure (test-complement.R:747:18): fc ──────────────────────────────────────
     c(results2$fit$Fit[4], results2$fit$Com[4]) not equal to c(1 - results2$fit$Fit[2], 1 - results2$fit$Com[2]).
     1/2 mismatches
     [1] 0.775 - 0.767 == 0.00812
     ── Failure (test-complement.R:776:18): fc ──────────────────────────────────────
     c(results2$fit$Fit[5], results2$fit$Com[5]) not equal to c(...).
     1/2 mismatches
     [1] 0.364 - 0.357 == 0.00628
    
     [ FAIL 5 | WARN 0 | SKIP 0 | PASS 851 ]
     Error: Test failures
     Execution halted
Flavor: r-patched-solaris-x86