CRAN Package Check Results for Package babynames

Last updated on 2021-12-08 03:58:13 CET.

Flavor Version Tinstall Tcheck Ttotal Status Flags
r-devel-linux-x86_64-debian-clang 1.0.1 37.70 55.13 92.83 OK
r-devel-linux-x86_64-debian-gcc 1.0.1 38.66 44.66 83.32 OK
r-devel-linux-x86_64-fedora-clang 1.0.1 128.02 NOTE
r-devel-linux-x86_64-fedora-gcc 1.0.1 113.73 OK
r-devel-windows-x86_64-new-UL 1.0.1 57.00 83.00 140.00 NOTE
r-devel-windows-x86_64-new-TK 1.0.1 OK
r-devel-windows-x86_64-old 1.0.1 56.00 72.00 128.00 NOTE
r-patched-linux-x86_64 1.0.1 41.88 53.19 95.07 OK
r-release-linux-x86_64 1.0.1 39.42 54.03 93.45 OK
r-release-macos-arm64 1.0.1 NOTE
r-release-macos-x86_64 1.0.1 NOTE
r-release-windows-ix86+x86_64 1.0.1 46.00 69.00 115.00 NOTE
r-oldrel-macos-x86_64 1.0.1 NOTE
r-oldrel-windows-ix86+x86_64 1.0.1 60.00 70.00 130.00 NOTE

Check Details

Version: 1.0.1
Check: installed package size
Result: NOTE
     installed size is 5.4Mb
     sub-directories of 1Mb or more:
     data 5.3Mb
Flavors: r-devel-linux-x86_64-fedora-clang, r-devel-windows-x86_64-new-UL, r-devel-windows-x86_64-old, r-release-macos-arm64, r-release-macos-x86_64, r-release-windows-ix86+x86_64, r-oldrel-macos-x86_64, r-oldrel-windows-ix86+x86_64