CRAN Package Check Results for Package aws.ecx

Last updated on 2023-01-31 04:06:12 CET.

Flavor Version Tinstall Tcheck Ttotal Status Flags
r-devel-linux-x86_64-debian-clang 1.0.5 17.33 172.60 189.93 NOTE
r-devel-linux-x86_64-debian-gcc 1.0.5 13.79 127.75 141.54 NOTE
r-devel-linux-x86_64-fedora-clang 1.0.5 234.73 NOTE
r-devel-linux-x86_64-fedora-gcc 1.0.5 237.24 NOTE
r-devel-windows-x86_64 1.0.5 41.00 368.00 409.00 NOTE
r-patched-linux-x86_64 1.0.5 27.91 124.11 152.02 OK
r-release-linux-x86_64 1.0.5 13.00 124.27 137.27 OK
r-release-macos-arm64 1.0.5 50.00 OK
r-release-macos-x86_64 1.0.5 77.00 OK
r-release-windows-x86_64 1.0.5 383.00 234.00 617.00 OK
r-oldrel-macos-arm64 1.0.5 54.00 OK
r-oldrel-macos-x86_64 1.0.5 76.00 OK
r-oldrel-windows-ix86+x86_64 1.0.5 38.00 187.00 225.00 OK

Check Details

Version: 1.0.5
Check: Rd files
Result: NOTE
    checkRd: (-1) ec2_create_security_group.Rd:66: Escaped LaTeX specials: \#
    checkRd: (-1) ec2_create_security_group.Rd:66: Escaped LaTeX specials: \$
    checkRd: (-1) ec2_create_security_group.Rd:79: Escaped LaTeX specials: \#
    checkRd: (-1) ec2_create_security_group.Rd:79: Escaped LaTeX specials: \$
Flavors: r-devel-linux-x86_64-debian-clang, r-devel-linux-x86_64-debian-gcc, r-devel-linux-x86_64-fedora-clang, r-devel-linux-x86_64-fedora-gcc, r-devel-windows-x86_64