CRAN Package Check Results for Package automagic

Last updated on 2022-01-27 04:05:14 CET.

Flavor Version Tinstall Tcheck Ttotal Status Flags
r-devel-linux-x86_64-debian-clang 0.5.1 1.88 31.32 33.20 NOTE
r-devel-linux-x86_64-debian-gcc 0.5.1 1.73 24.69 26.42 NOTE
r-devel-linux-x86_64-fedora-clang 0.5.1 43.87 NOTE
r-devel-linux-x86_64-fedora-gcc 0.5.1 31.77 NOTE
r-devel-windows-x86_64-new-UL 0.5.1 22.00 47.00 69.00 NOTE
r-devel-windows-x86_64-new-TK 0.5.1 NOTE
r-patched-linux-x86_64 0.5.1 1.95 30.60 32.55 NOTE
r-release-linux-x86_64 0.5.1 1.98 30.35 32.33 NOTE
r-release-macos-arm64 0.5.1 NOTE
r-release-macos-x86_64 0.5.1 NOTE
r-release-windows-ix86+x86_64 0.5.1 6.00 39.00 45.00 NOTE
r-oldrel-macos-x86_64 0.5.1 OK
r-oldrel-windows-ix86+x86_64 0.5.1 6.00 39.00 45.00 OK

Check Details

Version: 0.5.1
Check: LazyData
Result: NOTE
     'LazyData' is specified without a 'data' directory
Flavors: r-devel-linux-x86_64-debian-clang, r-devel-linux-x86_64-debian-gcc, r-devel-linux-x86_64-fedora-clang, r-devel-linux-x86_64-fedora-gcc, r-devel-windows-x86_64-new-UL, r-devel-windows-x86_64-new-TK, r-patched-linux-x86_64, r-release-linux-x86_64, r-release-macos-arm64, r-release-macos-x86_64, r-release-windows-ix86+x86_64