CRAN Package Check Results for Package autoFRK

Last updated on 2022-01-23 02:56:04 CET.

Flavor Version Tinstall Tcheck Ttotal Status Flags
r-devel-linux-x86_64-debian-clang 1.4.3 63.24 135.21 198.45 OK
r-devel-linux-x86_64-debian-gcc 1.4.3 50.42 99.05 149.47 OK
r-devel-linux-x86_64-fedora-clang 1.4.3 256.35 NOTE
r-devel-linux-x86_64-fedora-gcc 1.4.3 234.81 OK
r-devel-windows-x86_64-new-UL 1.4.3 71.00 166.00 237.00 OK
r-devel-windows-x86_64-new-TK 1.4.3 OK
r-patched-linux-x86_64 1.4.3 60.94 125.28 186.22 OK
r-release-linux-x86_64 1.4.3 61.20 126.42 187.62 OK
r-release-macos-arm64 1.4.3 NOTE
r-release-macos-x86_64 1.4.3 NOTE
r-release-windows-ix86+x86_64 1.4.3 140.00 197.00 337.00 OK
r-oldrel-macos-x86_64 1.4.3 NOTE
r-oldrel-windows-ix86+x86_64 1.4.3 143.00 202.00 345.00 OK

Check Details

Version: 1.4.3
Check: installed package size
Result: NOTE
     installed size is 15.6Mb
     sub-directories of 1Mb or more:
     libs 15.4Mb
Flavors: r-devel-linux-x86_64-fedora-clang, r-release-macos-arm64, r-release-macos-x86_64, r-oldrel-macos-x86_64