CRAN Package Check Results for Package auth0

Last updated on 2022-01-28 04:00:41 CET.

Flavor Version Tinstall Tcheck Ttotal Status Flags
r-devel-linux-x86_64-debian-clang 0.2.1 1.90 32.59 34.49 NOTE
r-devel-linux-x86_64-debian-gcc 0.2.1 1.93 25.88 27.81 NOTE
r-devel-linux-x86_64-fedora-clang 0.2.1 46.52 NOTE
r-devel-linux-x86_64-fedora-gcc 0.2.1 33.77 NOTE
r-devel-windows-x86_64-new-UL 0.2.1 29.00 52.00 81.00 NOTE
r-devel-windows-x86_64-new-TK 0.2.1 NOTE
r-patched-linux-x86_64 0.2.1 1.70 31.68 33.38 NOTE
r-release-linux-x86_64 0.2.1 2.20 31.54 33.74 NOTE
r-release-macos-arm64 0.2.1 NOTE
r-release-macos-x86_64 0.2.1 NOTE
r-release-windows-ix86+x86_64 0.2.1 6.00 41.00 47.00 NOTE
r-oldrel-macos-x86_64 0.2.1 OK
r-oldrel-windows-ix86+x86_64 0.2.1 6.00 41.00 47.00 OK

Check Details

Version: 0.2.1
Check: LazyData
Result: NOTE
     'LazyData' is specified without a 'data' directory
Flavors: r-devel-linux-x86_64-debian-clang, r-devel-linux-x86_64-debian-gcc, r-devel-linux-x86_64-fedora-clang, r-devel-linux-x86_64-fedora-gcc, r-devel-windows-x86_64-new-UL, r-devel-windows-x86_64-new-TK, r-patched-linux-x86_64, r-release-linux-x86_64, r-release-macos-arm64, r-release-macos-x86_64, r-release-windows-ix86+x86_64