CRAN Package Check Results for Package auditor

Last updated on 2021-10-25 04:00:04 CEST.

Flavor Version Tinstall Tcheck Ttotal Status Flags
r-devel-linux-x86_64-debian-clang 1.3.3 9.57 220.03 229.60 OK
r-devel-linux-x86_64-debian-gcc 1.3.3 8.49 164.89 173.38 OK
r-devel-linux-x86_64-fedora-clang 1.3.3 275.79 NOTE
r-devel-linux-x86_64-fedora-gcc 1.3.3 264.10 OK
r-devel-windows-x86_64 1.3.3 16.00 314.00 330.00 OK
r-devel-windows-x86_64-gcc10-UCRT 1.3.3 OK
r-patched-linux-x86_64 1.3.3 11.14 212.92 224.06 OK
r-patched-solaris-x86 1.3.3 416.30 OK
r-release-linux-x86_64 1.3.3 9.10 214.13 223.23 OK
r-release-macos-arm64 1.3.3 OK
r-release-macos-x86_64 1.3.3 OK
r-release-windows-ix86+x86_64 1.3.3 14.00 306.00 320.00 OK
r-oldrel-macos-x86_64 1.3.3 OK
r-oldrel-windows-ix86+x86_64 1.3.3 24.00 317.00 341.00 OK

Check Details

Version: 1.3.3
Check: Rd cross-references
Result: NOTE
    Undeclared package ‘gtable’ in Rd xrefs
Flavor: r-devel-linux-x86_64-fedora-clang