Last updated on 2023-02-01 15:51:16 CET.
Flavor | Version | Tinstall | Tcheck | Ttotal | Status | Flags |
---|---|---|---|---|---|---|
r-devel-linux-x86_64-debian-clang | 0.1.0 | 2.55 | 370.04 | 372.59 | NOTE | |
r-devel-linux-x86_64-debian-gcc | 0.1.0 | 1.53 | 249.54 | 251.07 | NOTE | |
r-devel-linux-x86_64-fedora-clang | 0.1.0 | 442.32 | NOTE | |||
r-devel-linux-x86_64-fedora-gcc | 0.1.0 | 486.96 | NOTE | |||
r-devel-windows-x86_64 | 0.1.0 | 17.00 | 377.00 | 394.00 | NOTE | |
r-patched-linux-x86_64 | 0.1.0 | 2.10 | 357.05 | 359.15 | NOTE | |
r-release-linux-x86_64 | 0.1.0 | 2.30 | 358.06 | 360.36 | NOTE | |
r-release-macos-arm64 | 0.1.0 | 89.00 | NOTE | |||
r-release-macos-x86_64 | 0.1.0 | 128.00 | NOTE | |||
r-release-windows-x86_64 | 0.1.0 | 16.00 | 380.00 | 396.00 | NOTE | |
r-oldrel-macos-arm64 | 0.1.0 | 104.00 | NOTE | |||
r-oldrel-macos-x86_64 | 0.1.0 | 182.00 | NOTE | |||
r-oldrel-windows-ix86+x86_64 | 0.1.0 | 6.00 | 439.00 | 445.00 | NOTE |
Version: 0.1.0
Check: LazyData
Result: NOTE
'LazyData' is specified without a 'data' directory
Flavors: r-devel-linux-x86_64-debian-clang, r-devel-linux-x86_64-debian-gcc, r-devel-linux-x86_64-fedora-clang, r-devel-linux-x86_64-fedora-gcc, r-devel-windows-x86_64, r-patched-linux-x86_64, r-release-linux-x86_64, r-release-macos-arm64, r-release-macos-x86_64, r-release-windows-x86_64, r-oldrel-macos-arm64, r-oldrel-macos-x86_64, r-oldrel-windows-ix86+x86_64