CRAN Package Check Results for Package attenuation

Last updated on 2022-10-01 15:52:46 CEST.

Flavor Version Tinstall Tcheck Ttotal Status Flags
r-devel-linux-x86_64-debian-clang 1.0.0 2.90 40.25 43.15 NOTE
r-devel-linux-x86_64-debian-gcc 1.0.0 2.04 28.38 30.42 NOTE
r-devel-linux-x86_64-fedora-clang 1.0.0 62.44 NOTE
r-devel-linux-x86_64-fedora-gcc 1.0.0 61.70 NOTE
r-devel-windows-x86_64 1.0.0 18.00 64.00 82.00 NOTE
r-patched-linux-x86_64 1.0.0 3.03 37.29 40.32 NOTE
r-release-linux-x86_64 1.0.0 2.65 37.74 40.39 NOTE
r-release-macos-arm64 1.0.0 17.00 NOTE
r-release-macos-x86_64 1.0.0 25.00 NOTE
r-release-windows-x86_64 1.0.0 14.00 59.00 73.00 NOTE
r-oldrel-macos-arm64 1.0.0 21.00 NOTE
r-oldrel-macos-x86_64 1.0.0 31.00 NOTE
r-oldrel-windows-ix86+x86_64 1.0.0 6.00 64.00 70.00 NOTE

Check Details

Version: 1.0.0
Check: LazyData
Result: NOTE
     'LazyData' is specified without a 'data' directory
Flavors: r-devel-linux-x86_64-debian-clang, r-devel-linux-x86_64-debian-gcc, r-devel-linux-x86_64-fedora-clang, r-devel-linux-x86_64-fedora-gcc, r-devel-windows-x86_64, r-patched-linux-x86_64, r-release-linux-x86_64, r-release-macos-arm64, r-release-macos-x86_64, r-release-windows-x86_64, r-oldrel-macos-arm64, r-oldrel-macos-x86_64, r-oldrel-windows-ix86+x86_64