CRAN Package Check Results for Package asteRisk

Last updated on 2022-01-24 03:51:23 CET.

Flavor Version Tinstall Tcheck Ttotal Status Flags
r-devel-linux-x86_64-debian-clang 1.2.0 14.42 97.35 111.77 NOTE
r-devel-linux-x86_64-debian-gcc 1.2.0 14.10 71.76 85.86 NOTE
r-devel-linux-x86_64-fedora-clang 1.2.0 137.74 NOTE
r-devel-linux-x86_64-fedora-gcc 1.2.0 124.83 NOTE
r-devel-windows-x86_64-new-UL 1.2.0 85.00 108.00 193.00 NOTE
r-devel-windows-x86_64-new-TK 1.2.0 NOTE
r-patched-linux-x86_64 1.2.0 21.08 92.34 113.42 NOTE
r-release-linux-x86_64 1.2.0 13.52 93.04 106.56 NOTE
r-release-macos-arm64 1.2.0 NOTE
r-release-macos-x86_64 1.2.0 NOTE
r-release-windows-ix86+x86_64 1.2.0 26.00 104.00 130.00 NOTE
r-oldrel-macos-x86_64 1.2.0 NOTE
r-oldrel-windows-ix86+x86_64 1.2.0 27.00 105.00 132.00 NOTE

Check Details

Version: 1.2.0
Check: package dependencies
Result: NOTE
    Package suggested but not available for checking: 'asteRiskData'
Flavors: r-devel-linux-x86_64-debian-clang, r-devel-linux-x86_64-debian-gcc, r-devel-linux-x86_64-fedora-clang, r-devel-linux-x86_64-fedora-gcc, r-devel-windows-x86_64-new-UL, r-devel-windows-x86_64-new-TK, r-patched-linux-x86_64, r-release-linux-x86_64, r-release-macos-arm64, r-release-macos-x86_64, r-release-windows-ix86+x86_64, r-oldrel-macos-x86_64, r-oldrel-windows-ix86+x86_64