CRAN Package Check Results for Package aslib

Last updated on 2021-10-27 15:51:44 CEST.

Flavor Version Tinstall Tcheck Ttotal Status Flags
r-devel-linux-x86_64-debian-clang 0.1.1 20.40 173.36 193.76 NOTE
r-devel-linux-x86_64-debian-gcc 0.1.1 15.28 129.88 145.16 NOTE
r-devel-linux-x86_64-fedora-clang 0.1.1 244.30 NOTE
r-devel-linux-x86_64-fedora-gcc 0.1.1 228.94 NOTE
r-devel-windows-x86_64 0.1.1 26.00 184.00 210.00 NOTE
r-devel-windows-x86_64-gcc10-UCRT 0.1.1 NOTE
r-patched-linux-x86_64 0.1.1 19.54 168.44 187.98 NOTE
r-release-linux-x86_64 0.1.1 17.37 167.34 184.71 NOTE
r-release-macos-arm64 0.1.1 NOTE
r-release-macos-x86_64 0.1.1 NOTE
r-release-windows-ix86+x86_64 0.1.1 32.00 187.00 219.00 NOTE
r-oldrel-macos-x86_64 0.1.1 OK
r-oldrel-windows-ix86+x86_64 0.1.1 45.00 199.00 244.00 OK

Check Details

Version: 0.1.1
Check: LazyData
Result: NOTE
     'LazyData' is specified without a 'data' directory
Flavors: r-devel-linux-x86_64-debian-clang, r-devel-linux-x86_64-debian-gcc, r-devel-linux-x86_64-fedora-clang, r-devel-linux-x86_64-fedora-gcc, r-devel-windows-x86_64, r-devel-windows-x86_64-gcc10-UCRT, r-patched-linux-x86_64, r-release-linux-x86_64, r-release-macos-arm64, r-release-macos-x86_64, r-release-windows-ix86+x86_64