CRAN Package Check Results for Package asht

Last updated on 2021-09-23 03:50:42 CEST.

Flavor Version Tinstall Tcheck Ttotal Status Flags
r-devel-linux-x86_64-debian-clang 0.9.6 12.66 109.83 122.49 OK
r-devel-linux-x86_64-debian-gcc 0.9.6 11.11 80.37 91.48 OK
r-devel-linux-x86_64-fedora-clang 0.9.6 156.55 OK
r-devel-linux-x86_64-fedora-gcc 0.9.6 144.60 OK
r-devel-windows-x86_64 0.9.6 15.00 103.00 118.00 OK
r-devel-windows-x86_64-gcc10-UCRT 0.9.6 ERROR
r-patched-linux-x86_64 0.9.6 18.26 102.41 120.67 OK
r-patched-solaris-x86 0.9.6 202.90 OK
r-release-linux-x86_64 0.9.6 13.30 101.58 114.88 OK
r-release-macos-arm64 0.9.6 OK
r-release-macos-x86_64 0.9.6 OK
r-release-windows-ix86+x86_64 0.9.6 32.00 130.00 162.00 OK
r-oldrel-macos-x86_64 0.9.6 OK
r-oldrel-windows-ix86+x86_64 0.9.6 25.00 101.00 126.00 OK

Check Details

Version: 0.9.6
Check: PDF version of manual
Result: WARN
    LaTeX errors when creating PDF version.
    This typically indicates Rd problems.
Flavor: r-devel-windows-x86_64-gcc10-UCRT

Version: 0.9.6
Check: PDF version of manual without hyperrefs or index
Result: ERROR
    Re-running with no redirection of stdout/stderr.
Flavor: r-devel-windows-x86_64-gcc10-UCRT