CRAN Package Check Results for Package arrayhelpers

Last updated on 2022-01-23 15:48:59 CET.

Flavor Version Tinstall Tcheck Ttotal Status Flags
r-devel-linux-x86_64-debian-clang 1.1-0 2.64 38.62 41.26 NOTE
r-devel-linux-x86_64-debian-gcc 1.1-0 2.58 33.06 35.64 NOTE
r-devel-linux-x86_64-fedora-clang 1.1-0 52.48 NOTE
r-devel-linux-x86_64-fedora-gcc 1.1-0 40.81 NOTE
r-devel-windows-x86_64-new-UL 1.1-0 63.00 64.00 127.00 NOTE
r-devel-windows-x86_64-new-TK 1.1-0 NOTE
r-patched-linux-x86_64 1.1-0 2.29 37.88 40.17 NOTE
r-release-linux-x86_64 1.1-0 3.22 37.72 40.94 NOTE
r-release-macos-arm64 1.1-0 NOTE
r-release-macos-x86_64 1.1-0 NOTE
r-release-windows-ix86+x86_64 1.1-0 7.00 51.00 58.00 NOTE
r-oldrel-macos-x86_64 1.1-0 OK
r-oldrel-windows-ix86+x86_64 1.1-0 7.00 50.00 57.00 OK

Check Details

Version: 1.1-0
Check: LazyData
Result: NOTE
     'LazyData' is specified without a 'data' directory
Flavors: r-devel-linux-x86_64-debian-clang, r-devel-linux-x86_64-debian-gcc, r-devel-linux-x86_64-fedora-clang, r-devel-linux-x86_64-fedora-gcc, r-devel-windows-x86_64-new-UL, r-devel-windows-x86_64-new-TK, r-patched-linux-x86_64, r-release-linux-x86_64, r-release-macos-arm64, r-release-macos-x86_64, r-release-windows-ix86+x86_64