CRAN Package Check Results for Package archetyper

Last updated on 2024-07-23 03:57:17 CEST.

Flavor Version Tinstall Tcheck Ttotal Status Flags
r-devel-linux-x86_64-debian-clang 0.1.0 2.75 31.22 33.97 NOTE
r-devel-linux-x86_64-debian-gcc 0.1.0 2.09 23.85 25.94 NOTE
r-devel-linux-x86_64-fedora-clang 0.1.0 45.61 NOTE
r-devel-linux-x86_64-fedora-gcc 0.1.0 53.71 NOTE
r-devel-windows-x86_64 0.1.0 4.00 46.00 50.00 NOTE
r-patched-linux-x86_64 0.1.0 2.06 30.01 32.07 NOTE
r-release-linux-x86_64 0.1.0 1.96 29.25 31.21 NOTE
r-release-macos-arm64 0.1.0 25.00 NOTE
r-release-macos-x86_64 0.1.0 66.00 NOTE
r-release-windows-x86_64 0.1.0 4.00 45.00 49.00 NOTE
r-oldrel-macos-arm64 0.1.0 25.00 NOTE
r-oldrel-macos-x86_64 0.1.0 35.00 NOTE
r-oldrel-windows-x86_64 0.1.0 5.00 139.00 144.00 NOTE

Check Details

Version: 0.1.0
Check: LazyData
Result: NOTE 'LazyData' is specified without a 'data' directory Flavors: r-devel-linux-x86_64-debian-clang, r-devel-linux-x86_64-debian-gcc, r-devel-linux-x86_64-fedora-clang, r-devel-linux-x86_64-fedora-gcc, r-devel-windows-x86_64, r-patched-linux-x86_64, r-release-linux-x86_64, r-release-macos-arm64, r-release-macos-x86_64, r-release-windows-x86_64, r-oldrel-macos-arm64, r-oldrel-macos-x86_64, r-oldrel-windows-x86_64

Version: 0.1.0
Check: dependencies in R code
Result: NOTE Namespaces in Imports field not imported from: ‘bannerCommenter’ ‘config’ ‘feather’ ‘here’ ‘knitr’ ‘log4r’ ‘ps’ ‘rmarkdown’ ‘skimr’ ‘snakecase’ ‘testthat’ ‘tidyverse’ All declared Imports should be used. Flavors: r-devel-linux-x86_64-fedora-clang, r-devel-linux-x86_64-fedora-gcc