CRAN Package Check Results for Package ar.matrix

Last updated on 2024-07-22 15:57:16 CEST.

Flavor Version Tinstall Tcheck Ttotal Status Flags
r-devel-linux-x86_64-debian-clang 0.1.0 1.81 33.36 35.17 OK
r-devel-linux-x86_64-debian-gcc 0.1.0 1.96 25.37 27.33 OK
r-devel-linux-x86_64-fedora-clang 0.1.0 44.66 NOTE
r-devel-linux-x86_64-fedora-gcc 0.1.0 42.73 NOTE
r-devel-windows-x86_64 0.1.0 3.00 47.00 50.00 OK
r-patched-linux-x86_64 0.1.0 2.74 31.92 34.66 OK
r-release-linux-x86_64 0.1.0 2.17 31.16 33.33 OK
r-release-macos-arm64 0.1.0 19.00 OK
r-release-macos-x86_64 0.1.0 29.00 OK
r-release-windows-x86_64 0.1.0 3.00 48.00 51.00 OK
r-oldrel-macos-arm64 0.1.0 22.00 OK
r-oldrel-macos-x86_64 0.1.0 30.00 OK
r-oldrel-windows-x86_64 0.1.0 4.00 51.00 55.00 OK

Check Details

Version: 0.1.0
Check: dependencies in R code
Result: NOTE Namespace in Imports field not imported from: ‘sp’ All declared Imports should be used. Flavors: r-devel-linux-x86_64-fedora-clang, r-devel-linux-x86_64-fedora-gcc