CRAN Package Check Results for Package ar.matrix

Last updated on 2022-10-01 15:52:46 CEST.

Flavor Version Tinstall Tcheck Ttotal Status Flags
r-devel-linux-x86_64-debian-clang 0.1.0 2.56 35.08 37.64 OK
r-devel-linux-x86_64-debian-gcc 0.1.0 2.05 26.77 28.82 OK
r-devel-linux-x86_64-fedora-clang 0.1.0 57.47 NOTE
r-devel-linux-x86_64-fedora-gcc 0.1.0 56.03 NOTE
r-devel-windows-x86_64 0.1.0 12.00 62.00 74.00 OK
r-patched-linux-x86_64 0.1.0 2.77 32.63 35.40 OK
r-release-linux-x86_64 0.1.0 2.46 33.58 36.04 OK
r-release-macos-arm64 0.1.0 20.00 NOTE
r-release-macos-x86_64 0.1.0 24.00 NOTE
r-release-windows-x86_64 0.1.0 20.00 62.00 82.00 OK
r-oldrel-macos-arm64 0.1.0 24.00 NOTE
r-oldrel-macos-x86_64 0.1.0 32.00 NOTE
r-oldrel-windows-ix86+x86_64 0.1.0 6.00 58.00 64.00 OK

Check Details

Version: 0.1.0
Check: dependencies in R code
Result: NOTE
    Namespace in Imports field not imported from: ‘sp’
     All declared Imports should be used.
Flavors: r-devel-linux-x86_64-fedora-clang, r-devel-linux-x86_64-fedora-gcc, r-release-macos-arm64, r-release-macos-x86_64, r-oldrel-macos-arm64, r-oldrel-macos-x86_64