CRAN Package Check Results for Package apercu

Last updated on 2023-02-08 04:06:53 CET.

Flavor Version Tinstall Tcheck Ttotal Status Flags
r-devel-linux-x86_64-debian-clang 0.2.4 2.13 23.54 25.67 NOTE
r-devel-linux-x86_64-debian-gcc 0.2.4 1.68 18.36 20.04 NOTE
r-devel-linux-x86_64-fedora-clang 0.2.4 32.09 NOTE
r-devel-linux-x86_64-fedora-gcc 0.2.4 31.48 NOTE
r-devel-windows-x86_64 0.2.4 11.00 51.00 62.00 NOTE
r-patched-linux-x86_64 0.2.4 2.29 23.79 26.08 NOTE
r-release-linux-x86_64 0.2.4 1.88 23.70 25.58 NOTE
r-release-macos-arm64 0.2.4 16.00 NOTE
r-release-macos-x86_64 0.2.4 22.00 NOTE
r-release-windows-x86_64 0.2.4 7.00 61.00 68.00 NOTE
r-oldrel-macos-arm64 0.2.4 24.00 NOTE
r-oldrel-macos-x86_64 0.2.4 28.00 NOTE
r-oldrel-windows-ix86+x86_64 0.2.4 6.00 48.00 54.00 NOTE

Check Details

Version: 0.2.4
Check: LazyData
Result: NOTE
     'LazyData' is specified without a 'data' directory
Flavors: r-devel-linux-x86_64-debian-clang, r-devel-linux-x86_64-debian-gcc, r-devel-linux-x86_64-fedora-clang, r-devel-linux-x86_64-fedora-gcc, r-devel-windows-x86_64, r-patched-linux-x86_64, r-release-linux-x86_64, r-release-macos-arm64, r-release-macos-x86_64, r-release-windows-x86_64, r-oldrel-macos-arm64, r-oldrel-macos-x86_64, r-oldrel-windows-ix86+x86_64

Version: 0.2.4
Check: dependencies in R code
Result: NOTE
    Namespace in Imports field not imported from: ‘pls’
     All declared Imports should be used.
Flavors: r-devel-linux-x86_64-fedora-clang, r-devel-linux-x86_64-fedora-gcc, r-release-macos-arm64, r-release-macos-x86_64, r-oldrel-macos-arm64, r-oldrel-macos-x86_64